CRAN Package Check Results for Package SimTimeVar

Last updated on 2022-11-28 18:52:29 CET.

Flavor Version Tinstall Tcheck Ttotal Status Flags
r-devel-linux-x86_64-debian-clang 1.0.0 4.34 40.96 45.30 OK
r-devel-linux-x86_64-debian-gcc 1.0.0 2.71 31.64 34.35 OK
r-devel-linux-x86_64-fedora-clang 1.0.0 66.86 NOTE
r-devel-linux-x86_64-fedora-gcc 1.0.0 63.67 NOTE
r-devel-windows-x86_64 1.0.0 19.00 72.00 91.00 OK
r-patched-linux-x86_64 1.0.0 4.22 38.04 42.26 OK
r-release-linux-x86_64 1.0.0 4.18 38.28 42.46 OK
r-release-macos-arm64 1.0.0 21.00 NOTE
r-release-macos-x86_64 1.0.0 35.00 NOTE
r-release-windows-x86_64 1.0.0 22.00 72.00 94.00 OK
r-oldrel-macos-arm64 1.0.0 40.00 NOTE
r-oldrel-macos-x86_64 1.0.0 44.00 NOTE
r-oldrel-windows-ix86+x86_64 1.0.0 12.00 66.00 78.00 OK

Check Details

Version: 1.0.0
Check: dependencies in R code
Result: NOTE
    Namespace in Imports field not imported from: ‘metafor’
     All declared Imports should be used.
Flavors: r-devel-linux-x86_64-fedora-clang, r-devel-linux-x86_64-fedora-gcc, r-release-macos-arm64, r-release-macos-x86_64, r-oldrel-macos-arm64, r-oldrel-macos-x86_64