Last updated on 2021-02-25 10:47:48 CET.
Flavor | Version | Tinstall | Tcheck | Ttotal | Status | Flags |
---|---|---|---|---|---|---|
r-devel-linux-x86_64-debian-clang | 0.2 | 2.08 | 22.05 | 24.13 | OK | |
r-devel-linux-x86_64-debian-gcc | 0.2 | 1.65 | 17.50 | 19.15 | OK | |
r-devel-linux-x86_64-fedora-clang | 0.2 | 39.52 | NOTE | |||
r-devel-linux-x86_64-fedora-gcc | 0.2 | 29.33 | NOTE | |||
r-devel-windows-ix86+x86_64 | 0.2 | 4.00 | 30.00 | 34.00 | OK | |
r-patched-linux-x86_64 | 0.2 | 1.99 | 21.81 | 23.80 | OK | |
r-patched-solaris-x86 | 0.2 | 45.20 | NOTE | |||
r-release-linux-x86_64 | 0.2 | 1.91 | 21.43 | 23.34 | OK | |
r-release-macos-x86_64 | 0.2 | NOTE | ||||
r-release-windows-ix86+x86_64 | 0.2 | 12.00 | 43.00 | 55.00 | OK | |
r-oldrel-macos-x86_64 | 0.2 | NOTE | ||||
r-oldrel-windows-ix86+x86_64 | 0.2 | 3.00 | 35.00 | 38.00 | OK |
Version: 0.2
Check: dependencies in R code
Result: NOTE
Namespace in Imports field not imported from: ‘pracma’
All declared Imports should be used.
Flavors: r-devel-linux-x86_64-fedora-clang, r-devel-linux-x86_64-fedora-gcc, r-patched-solaris-x86, r-release-macos-x86_64, r-oldrel-macos-x86_64