CRAN Package Check Results for Package Sleuth2

Last updated on 2019-09-17 17:49:05 CEST.

Flavor Version Tinstall Tcheck Ttotal Status Flags
r-devel-linux-x86_64-debian-clang 2.0-5 3.68 224.65 228.33 OK
r-devel-linux-x86_64-debian-gcc 2.0-5 3.51 170.84 174.35 OK
r-devel-linux-x86_64-fedora-clang 2.0-5 273.00 OK
r-devel-linux-x86_64-fedora-gcc 2.0-5 271.58 OK
r-devel-windows-ix86+x86_64 2.0-5 19.00 408.00 427.00 OK
r-patched-linux-x86_64 2.0-5 3.85 219.00 222.85 OK
r-patched-solaris-x86 2.0-5 322.90 NOTE
r-release-linux-x86_64 2.0-5 3.51 217.37 220.88 OK
r-release-windows-ix86+x86_64 2.0-5 16.00 288.00 304.00 OK
r-release-osx-x86_64 2.0-5 OK
r-oldrel-windows-ix86+x86_64 2.0-5 16.00 260.00 276.00 OK
r-oldrel-osx-x86_64 2.0-5 OK

Check Details

Version: 2.0-5
Check: installed package size
Result: NOTE
     installed size is 5.0Mb
     sub-directories of 1Mb or more:
     doc 4.2Mb
Flavor: r-patched-solaris-x86