CRAN Package Check Results for Package SmartEDA

Last updated on 2024-02-25 01:49:12 CET.

Flavor Version Tinstall Tcheck Ttotal Status Flags
r-devel-linux-x86_64-debian-clang 0.3.10 11.79 186.25 198.04 OK
r-devel-linux-x86_64-debian-gcc 0.3.10 8.98 136.23 145.21 OK
r-devel-linux-x86_64-fedora-clang 0.3.10 237.15 NOTE
r-devel-linux-x86_64-fedora-gcc 0.3.10 244.19 NOTE
r-devel-windows-x86_64 0.3.10 10.00 143.00 153.00 OK
r-patched-linux-x86_64 0.3.10 10.40 170.82 181.22 OK
r-release-linux-x86_64 0.3.10 12.03 171.81 183.84 OK
r-release-macos-arm64 0.3.10 69.00 OK
r-release-macos-x86_64 0.3.10 143.00 OK
r-release-windows-x86_64 0.3.10 14.00 180.00 194.00 OK
r-oldrel-macos-arm64 0.3.10 74.00 OK
r-oldrel-windows-x86_64 0.3.10 14.00 174.00 188.00 OK

Check Details

Version: 0.3.10
Check: dependencies in R code
Result: NOTE Namespace in Imports field not imported from: ‘qpdf’ All declared Imports should be used. Flavors: r-devel-linux-x86_64-fedora-clang, r-devel-linux-x86_64-fedora-gcc

Version: 0.3.10
Check: Rd cross-references
Result: NOTE Undeclared packages ‘ggthemes’, ‘DataExplorer’ in Rd xrefs Flavor: r-devel-linux-x86_64-fedora-clang