CRAN Package Check Results for Package SmarterPoland

Last updated on 2020-01-27 02:47:34 CET.

Flavor Version Tinstall Tcheck Ttotal Status Flags
r-devel-linux-x86_64-debian-clang 1.7 14.57 49.08 63.65 OK
r-devel-linux-x86_64-debian-gcc 1.7 13.93 39.16 53.09 OK
r-devel-linux-x86_64-fedora-clang 1.7 81.28 NOTE
r-devel-linux-x86_64-fedora-gcc 1.7 79.60 NOTE
r-devel-windows-ix86+x86_64 1.7 28.00 95.00 123.00 NOTE
r-devel-windows-ix86+x86_64-gcc8 1.7 39.00 70.00 109.00 NOTE
r-patched-linux-x86_64 1.7 13.96 44.47 58.43 OK
r-patched-solaris-x86 1.7 123.90 NOTE
r-release-linux-x86_64 1.7 15.01 44.64 59.65 OK
r-release-windows-ix86+x86_64 1.7 23.00 60.00 83.00 NOTE
r-release-osx-x86_64 1.7 NOTE
r-oldrel-windows-ix86+x86_64 1.7 21.00 58.00 79.00 NOTE
r-oldrel-osx-x86_64 1.7 NOTE

Check Details

Version: 1.7
Check: installed package size
Result: NOTE
     installed size is 8.2Mb
     sub-directories of 1Mb or more:
     data 8.1Mb
Flavors: r-devel-linux-x86_64-fedora-clang, r-devel-windows-ix86+x86_64, r-devel-windows-ix86+x86_64-gcc8, r-patched-solaris-x86, r-release-windows-ix86+x86_64, r-release-osx-x86_64, r-oldrel-windows-ix86+x86_64, r-oldrel-osx-x86_64

Version: 1.7
Check: data for non-ASCII characters
Result: NOTE
     Note: found 1122 marked UTF-8 strings
Flavors: r-devel-linux-x86_64-fedora-clang, r-devel-linux-x86_64-fedora-gcc, r-patched-solaris-x86, r-release-osx-x86_64, r-oldrel-osx-x86_64