Last updated on 2019-12-15 11:46:48 CET.
Flavor | Version | Tinstall | Tcheck | Ttotal | Status | Flags |
---|---|---|---|---|---|---|
r-devel-linux-x86_64-debian-clang | 3.0.0 | 3.44 | 36.33 | 39.77 | OK | |
r-devel-linux-x86_64-debian-gcc | 3.0.0 | 2.55 | 29.06 | 31.61 | OK | |
r-devel-linux-x86_64-fedora-clang | 3.0.0 | 47.62 | NOTE | |||
r-devel-linux-x86_64-fedora-gcc | 3.0.0 | 48.16 | NOTE | |||
r-devel-windows-ix86+x86_64 | 3.0.0 | 6.00 | 77.00 | 83.00 | OK | |
r-devel-windows-ix86+x86_64-gcc8 | 3.0.0 | 9.00 | 69.00 | 78.00 | OK | |
r-patched-linux-x86_64 | 3.0.0 | 2.29 | 33.43 | 35.72 | OK | |
r-patched-solaris-x86 | 3.0.0 | 65.00 | NOTE | |||
r-release-linux-x86_64 | 3.0.0 | 2.60 | 33.66 | 36.26 | OK | |
r-release-windows-ix86+x86_64 | 3.0.0 | 5.00 | 50.00 | 55.00 | OK | |
r-release-osx-x86_64 | 3.0.0 | NOTE | ||||
r-oldrel-windows-ix86+x86_64 | 3.0.0 | 3.00 | 47.00 | 50.00 | OK | |
r-oldrel-osx-x86_64 | 3.0.0 | NOTE |
Version: 3.0.0
Check: dependencies in R code
Result: NOTE
Namespace in Imports field not imported from: ‘nlme’
All declared Imports should be used.
Flavors: r-devel-linux-x86_64-fedora-clang, r-devel-linux-x86_64-fedora-gcc, r-patched-solaris-x86, r-release-osx-x86_64, r-oldrel-osx-x86_64