CRAN Package Check Results for Package SmoothWin

Last updated on 2019-08-18 17:49:38 CEST.

Flavor Version Tinstall Tcheck Ttotal Status Flags
r-devel-linux-x86_64-debian-clang 3.0.0 2.83 34.32 37.15 OK
r-devel-linux-x86_64-debian-gcc 3.0.0 2.72 27.38 30.10 OK
r-devel-linux-x86_64-fedora-clang 3.0.0 46.08 NOTE
r-devel-linux-x86_64-fedora-gcc 3.0.0 43.44 NOTE
r-devel-windows-ix86+x86_64 3.0.0 8.00 60.00 68.00 OK
r-patched-linux-x86_64 3.0.0 2.90 33.87 36.77 OK
r-patched-solaris-x86 3.0.0 71.70 NOTE
r-release-linux-x86_64 3.0.0 2.88 34.36 37.24 OK
r-release-windows-ix86+x86_64 3.0.0 5.00 50.00 55.00 OK
r-release-osx-x86_64 3.0.0 NOTE
r-oldrel-windows-ix86+x86_64 3.0.0 5.00 65.00 70.00 OK
r-oldrel-osx-x86_64 3.0.0 NOTE

Check Details

Version: 3.0.0
Check: dependencies in R code
Result: NOTE
    Namespace in Imports field not imported from: ‘nlme’
     All declared Imports should be used.
Flavors: r-devel-linux-x86_64-fedora-clang, r-devel-linux-x86_64-fedora-gcc, r-patched-solaris-x86, r-release-osx-x86_64, r-oldrel-osx-x86_64