CRAN Package Check Results for Package SnakeCharmR

Last updated on 2018-05-27 06:47:16 CEST.

Flavor Version Tinstall Tcheck Ttotal Status Flags
r-devel-linux-x86_64-debian-clang 1.0.7 13.21 26.45 39.66 WARN
r-devel-linux-x86_64-debian-gcc 1.0.7 11.16 21.09 32.25 OK
r-devel-linux-x86_64-fedora-clang 1.0.7 55.99 WARN
r-devel-linux-x86_64-fedora-gcc 1.0.7 48.74 OK
r-patched-linux-x86_64 1.0.7 15.48 24.27 39.75 OK
r-patched-solaris-x86 1.0.7 70.30 OK
r-release-linux-x86_64 1.0.7 12.92 24.26 37.18 OK
r-release-osx-x86_64 1.0.7 WARN
r-oldrel-osx-x86_64 1.0.7 OK

Check Details

Version: 1.0.7
Check: whether package can be installed
Result: WARN
    Found the following significant warnings:
     /usr/include/python2.7/unicodeobject.h:534:5: warning: 'register' storage class specifier is deprecated and incompatible with C++17 [-Wdeprecated-register]
     /usr/include/python2.7/unicodeobject.h:553:5: warning: 'register' storage class specifier is deprecated and incompatible with C++17 [-Wdeprecated-register]
     /usr/include/python2.7/unicodeobject.h:575:5: warning: 'register' storage class specifier is deprecated and incompatible with C++17 [-Wdeprecated-register]
     /usr/include/python2.7/unicodeobject.h:593:5: warning: 'register' storage class specifier is deprecated and incompatible with C++17 [-Wdeprecated-register]
     /usr/include/python2.7/stringobject.h:173:5: warning: 'register' storage class specifier is deprecated and incompatible with C++17 [-Wdeprecated-register]
     /usr/include/python2.7/stringobject.h:174:5: warning: 'register' storage class specifier is deprecated and incompatible with C++17 [-Wdeprecated-register]
     /usr/include/python2.7/stringobject.h:175:5: warning: 'register' storage class specifier is deprecated and incompatible with C++17 [-Wdeprecated-register]
Flavors: r-devel-linux-x86_64-debian-clang, r-devel-linux-x86_64-fedora-clang

Version: 1.0.7
Check: whether package can be installed
Result: WARN
    Found the following significant warnings:
     /System/Library/Frameworks/Python.framework/Versions/2.7/include/python2.7/unicodeobject.h:534:5: warning: 'register' storage class specifier is deprecated and incompatible with C++17 [-Wdeprecated-register]
     /System/Library/Frameworks/Python.framework/Versions/2.7/include/python2.7/unicodeobject.h:553:5: warning: 'register' storage class specifier is deprecated and incompatible with C++17 [-Wdeprecated-register]
     /System/Library/Frameworks/Python.framework/Versions/2.7/include/python2.7/unicodeobject.h:575:5: warning: 'register' storage class specifier is deprecated and incompatible with C++17 [-Wdeprecated-register]
     /System/Library/Frameworks/Python.framework/Versions/2.7/include/python2.7/unicodeobject.h:593:5: warning: 'register' storage class specifier is deprecated and incompatible with C++17 [-Wdeprecated-register]
     /System/Library/Frameworks/Python.framework/Versions/2.7/include/python2.7/stringobject.h:173:5: warning: 'register' storage class specifier is deprecated and incompatible with C++17 [-Wdeprecated-register]
     /System/Library/Frameworks/Python.framework/Versions/2.7/include/python2.7/stringobject.h:174:5: warning: 'register' storage class specifier is deprecated and incompatible with C++17 [-Wdeprecated-register]
     /System/Library/Frameworks/Python.framework/Versions/2.7/include/python2.7/stringobject.h:175:5: warning: 'register' storage class specifier is deprecated and incompatible with C++17 [-Wdeprecated-register]
Flavor: r-release-osx-x86_64