CRAN Package Check Results for Package SnakeCharmR

Last updated on 2018-02-19 08:47:20 CET.

Flavor Version Tinstall Tcheck Ttotal Status Flags
r-devel-linux-x86_64-debian-clang 1.0.7 13.11 22.72 35.83 WARN
r-devel-linux-x86_64-debian-gcc 1.0.7 11.21 19.44 30.65 OK
r-devel-linux-x86_64-fedora-clang 1.0.7 50.52 WARN
r-devel-linux-x86_64-fedora-gcc 1.0.7 46.71 OK
r-patched-linux-x86_64 1.0.7 11.26 24.44 35.70 OK
r-patched-solaris-x86 1.0.7 61.80 OK
r-release-linux-x86_64 1.0.7 13.97 24.31 38.28 OK
r-release-osx-x86_64 1.0.7 OK
r-oldrel-osx-x86_64 1.0.7 OK

Check Details

Version: 1.0.7
Check: whether package can be installed
Result: WARN
    Found the following significant warnings:
     /usr/include/python2.7/unicodeobject.h:534:5: warning: 'register' storage class specifier is deprecated and incompatible with C++17 [-Wdeprecated-register]
     /usr/include/python2.7/unicodeobject.h:553:5: warning: 'register' storage class specifier is deprecated and incompatible with C++17 [-Wdeprecated-register]
     /usr/include/python2.7/unicodeobject.h:575:5: warning: 'register' storage class specifier is deprecated and incompatible with C++17 [-Wdeprecated-register]
     /usr/include/python2.7/unicodeobject.h:593:5: warning: 'register' storage class specifier is deprecated and incompatible with C++17 [-Wdeprecated-register]
     /usr/include/python2.7/stringobject.h:173:5: warning: 'register' storage class specifier is deprecated and incompatible with C++17 [-Wdeprecated-register]
     /usr/include/python2.7/stringobject.h:174:5: warning: 'register' storage class specifier is deprecated and incompatible with C++17 [-Wdeprecated-register]
     /usr/include/python2.7/stringobject.h:175:5: warning: 'register' storage class specifier is deprecated and incompatible with C++17 [-Wdeprecated-register]
Flavors: r-devel-linux-x86_64-debian-clang, r-devel-linux-x86_64-fedora-clang