CRAN Package Check Results for Package SortedEffects

Last updated on 2020-07-07 07:48:16 CEST.

Flavor Version Tinstall Tcheck Ttotal Status Flags
r-devel-linux-x86_64-debian-clang 1.2.0 13.26 143.65 156.91 OK
r-devel-linux-x86_64-debian-gcc 1.2.0 11.32 107.87 119.19 OK
r-devel-linux-x86_64-fedora-clang 1.2.0 193.03 OK
r-devel-linux-x86_64-fedora-gcc 1.2.0 180.39 OK
r-devel-windows-ix86+x86_64 1.2.0 24.00 171.00 195.00 OK
r-patched-linux-x86_64 1.2.0 11.75 138.28 150.03 OK
r-patched-solaris-x86 1.2.0 269.20 OK
r-release-linux-x86_64 1.2.0 10.13 139.09 149.22 OK
r-release-osx-x86_64 1.2.0 WARN
r-release-windows-ix86+x86_64 1.2.0 28.00 149.00 177.00 OK
r-oldrel-osx-x86_64 1.2.0 OK
r-oldrel-windows-ix86+x86_64 1.2.0 35.00 193.00 228.00 OK

Check Details

Version: 1.2.0
Check: re-building of vignette outputs
Result: WARN
    Error(s) in re-building vignettes:
     ...
    --- re-building ‘SortedEffects.Rmd’ using rmarkdown
    dyld: lazy symbol binding failed: Symbol not found: ____chkstk_darwin
     Referenced from: /usr/local/bin/pandoc (which was built for Mac OS X 10.15)
     Expected in: /usr/lib/libSystem.B.dylib
    
    dyld: Symbol not found: ____chkstk_darwin
     Referenced from: /usr/local/bin/pandoc (which was built for Mac OS X 10.15)
     Expected in: /usr/lib/libSystem.B.dylib
    
    Error: processing vignette 'SortedEffects.Rmd' failed with diagnostics:
    pandoc document conversion failed with error 6
    --- failed re-building ‘SortedEffects.Rmd’
    
    SUMMARY: processing the following file failed:
     ‘SortedEffects.Rmd’
    
    Error: Vignette re-building failed.
    Execution halted
Flavor: r-release-osx-x86_64