CRAN Package Check Results for Package SoundexBR

Last updated on 2018-02-25 19:49:20 CET.

Flavor Version Tinstall Tcheck Ttotal Status Flags
r-devel-linux-x86_64-debian-clang 1.2 1.70 18.54 20.24 NOTE
r-devel-linux-x86_64-debian-gcc 1.2 1.27 14.85 16.12 NOTE
r-devel-linux-x86_64-fedora-clang 1.2 24.79 NOTE
r-devel-linux-x86_64-fedora-gcc 1.2 23.03 NOTE
r-devel-windows-ix86+x86_64 1.2 9.00 47.00 56.00 OK
r-patched-linux-x86_64 1.2 1.66 17.63 19.29 NOTE
r-patched-solaris-x86 1.2 31.30 NOTE
r-release-linux-x86_64 1.2 1.79 17.38 19.17 NOTE
r-release-windows-ix86+x86_64 1.2 6.00 42.00 48.00 OK
r-release-osx-x86_64 1.2 OK
r-oldrel-windows-ix86+x86_64 1.2 6.00 32.00 38.00 OK
r-oldrel-osx-x86_64 1.2 OK

Check Details

Version: 1.2
Check: package dependencies
Result: NOTE
    Package suggested but not available for checking: ‘SciencesPo’
Flavors: r-devel-linux-x86_64-debian-clang, r-devel-linux-x86_64-debian-gcc, r-devel-linux-x86_64-fedora-clang, r-devel-linux-x86_64-fedora-gcc, r-patched-linux-x86_64, r-patched-solaris-x86, r-release-linux-x86_64

Version: 1.2
Check: compiled code
Result: NOTE
    File ‘SoundexBR/libs/SoundexBR.so’:
     Found no calls to: ‘R_registerRoutines’, ‘R_useDynamicSymbols’
    
    It is good practice to register native routines and to disable symbol
    search.
    
    See ‘Writing portable packages’ in the ‘Writing R Extensions’ manual.
Flavors: r-devel-linux-x86_64-debian-clang, r-devel-linux-x86_64-debian-gcc, r-devel-linux-x86_64-fedora-clang, r-devel-linux-x86_64-fedora-gcc, r-patched-linux-x86_64, r-release-linux-x86_64