CRAN Package Check Results for Package SoundexBR

Last updated on 2019-01-16 15:48:50 CET.

Flavor Version Tinstall Tcheck Ttotal Status Flags
r-devel-linux-x86_64-debian-clang 1.2 1.95 20.20 22.15 NOTE
r-devel-linux-x86_64-debian-gcc 1.2 1.48 16.38 17.86 NOTE
r-devel-linux-x86_64-fedora-clang 1.2 30.05 NOTE
r-devel-linux-x86_64-fedora-gcc 1.2 28.51 NOTE
r-devel-windows-ix86+x86_64 1.2 6.00 39.00 45.00 OK
r-patched-linux-x86_64 1.2 1.55 18.66 20.21 NOTE
r-patched-solaris-x86 1.2 39.30 NOTE
r-release-linux-x86_64 1.2 1.74 18.55 20.29 NOTE
r-release-windows-ix86+x86_64 1.2 10.00 39.00 49.00 OK
r-release-osx-x86_64 1.2 NOTE
r-oldrel-windows-ix86+x86_64 1.2 14.00 46.00 60.00 OK
r-oldrel-osx-x86_64 1.2 OK

Check Details

Version: 1.2
Check: package dependencies
Result: NOTE
    Package suggested but not available for checking: ‘SciencesPo’
Flavors: r-devel-linux-x86_64-debian-clang, r-devel-linux-x86_64-debian-gcc, r-devel-linux-x86_64-fedora-clang, r-devel-linux-x86_64-fedora-gcc, r-patched-linux-x86_64, r-patched-solaris-x86, r-release-linux-x86_64, r-release-osx-x86_64

Version: 1.2
Check: compiled code
Result: NOTE
    File ‘SoundexBR/libs/SoundexBR.so’:
     Found no calls to: ‘R_registerRoutines’, ‘R_useDynamicSymbols’
    
    It is good practice to register native routines and to disable symbol
    search.
    
    See ‘Writing portable packages’ in the ‘Writing R Extensions’ manual.
Flavors: r-devel-linux-x86_64-fedora-clang, r-devel-linux-x86_64-fedora-gcc