CRAN Package Check Results for Package SoundexBR

Last updated on 2018-10-19 22:50:11 CEST.

Flavor Version Tinstall Tcheck Ttotal Status Flags
r-devel-linux-x86_64-debian-clang 1.2 1.68 23.82 25.50 NOTE
r-devel-linux-x86_64-debian-gcc 1.2 1.36 19.16 20.52 NOTE
r-devel-linux-x86_64-fedora-clang 1.2 30.34 NOTE
r-devel-linux-x86_64-fedora-gcc 1.2 28.88 NOTE
r-devel-windows-ix86+x86_64 1.2 8.00 37.00 45.00 OK
r-patched-linux-x86_64 1.2 1.64 21.69 23.33 NOTE
r-patched-solaris-x86 1.2 44.00 NOTE
r-release-linux-x86_64 1.2 1.78 21.75 23.53 NOTE
r-release-windows-ix86+x86_64 1.2 7.00 47.00 54.00 OK
r-release-osx-x86_64 1.2 NOTE
r-oldrel-windows-ix86+x86_64 1.2 6.00 45.00 51.00 OK
r-oldrel-osx-x86_64 1.2 OK

Check Details

Version: 1.2
Check: package dependencies
Result: NOTE
    Package suggested but not available for checking: ‘SciencesPo’
Flavors: r-devel-linux-x86_64-debian-clang, r-devel-linux-x86_64-debian-gcc, r-devel-linux-x86_64-fedora-clang, r-devel-linux-x86_64-fedora-gcc, r-patched-linux-x86_64, r-patched-solaris-x86, r-release-linux-x86_64, r-release-osx-x86_64

Version: 1.2
Check: compiled code
Result: NOTE
    File ‘SoundexBR/libs/SoundexBR.so’:
     Found no calls to: ‘R_registerRoutines’, ‘R_useDynamicSymbols’
    
    It is good practice to register native routines and to disable symbol
    search.
    
    See ‘Writing portable packages’ in the ‘Writing R Extensions’ manual.
Flavors: r-devel-linux-x86_64-fedora-clang, r-devel-linux-x86_64-fedora-gcc