CRAN Package Check Results for Package SoundexBR

Last updated on 2018-08-17 13:46:44 CEST.

Flavor Version Tinstall Tcheck Ttotal Status Flags
r-devel-linux-x86_64-debian-clang 1.2 1.81 20.62 22.43 NOTE
r-devel-linux-x86_64-debian-gcc 1.2 1.46 16.68 18.14 NOTE
r-devel-linux-x86_64-fedora-clang 1.2 25.92 NOTE
r-devel-linux-x86_64-fedora-gcc 1.2 25.03 NOTE
r-devel-windows-ix86+x86_64 1.2 7.00 47.00 54.00 OK
r-patched-linux-x86_64 1.2 1.75 18.89 20.64 NOTE
r-patched-solaris-x86 1.2 39.50 NOTE
r-release-linux-x86_64 1.2 1.68 18.91 20.59 NOTE
r-release-windows-ix86+x86_64 1.2 7.00 47.00 54.00 OK
r-release-osx-x86_64 1.2 NOTE
r-oldrel-windows-ix86+x86_64 1.2 8.00 33.00 41.00 OK
r-oldrel-osx-x86_64 1.2 OK

Check Details

Version: 1.2
Check: package dependencies
Result: NOTE
    Package suggested but not available for checking: ‘SciencesPo’
Flavors: r-devel-linux-x86_64-debian-clang, r-devel-linux-x86_64-debian-gcc, r-devel-linux-x86_64-fedora-clang, r-devel-linux-x86_64-fedora-gcc, r-patched-linux-x86_64, r-patched-solaris-x86, r-release-linux-x86_64, r-release-osx-x86_64

Version: 1.2
Check: compiled code
Result: NOTE
    File ‘SoundexBR/libs/SoundexBR.so’:
     Found no calls to: ‘R_registerRoutines’, ‘R_useDynamicSymbols’
    
    It is good practice to register native routines and to disable symbol
    search.
    
    See ‘Writing portable packages’ in the ‘Writing R Extensions’ manual.
Flavors: r-devel-linux-x86_64-debian-clang, r-devel-linux-x86_64-debian-gcc, r-devel-linux-x86_64-fedora-clang, r-devel-linux-x86_64-fedora-gcc, r-patched-linux-x86_64, r-release-linux-x86_64