CRAN Package Check Results for Package SoundexBR

Last updated on 2018-05-25 22:48:05 CEST.

Flavor Version Tinstall Tcheck Ttotal Status Flags
r-devel-linux-x86_64-debian-clang 1.2 1.72 19.56 21.28 NOTE
r-devel-linux-x86_64-debian-gcc 1.2 1.39 15.62 17.01 NOTE
r-devel-linux-x86_64-fedora-clang 1.2 25.99 NOTE
r-devel-linux-x86_64-fedora-gcc 1.2 23.76 NOTE
r-devel-windows-ix86+x86_64 1.2 6.00 49.00 55.00 OK
r-patched-linux-x86_64 1.2 1.73 18.57 20.30 NOTE
r-patched-solaris-x86 1.2 42.10 NOTE
r-release-linux-x86_64 1.2 1.50 18.62 20.12 NOTE
r-release-windows-ix86+x86_64 1.2 8.00 36.00 44.00 OK
r-release-osx-x86_64 1.2 NOTE
r-oldrel-windows-ix86+x86_64 1.2 8.00 32.00 40.00 OK
r-oldrel-osx-x86_64 1.2 OK

Check Details

Version: 1.2
Check: package dependencies
Result: NOTE
    Package suggested but not available for checking: ‘SciencesPo’
Flavors: r-devel-linux-x86_64-debian-clang, r-devel-linux-x86_64-debian-gcc, r-devel-linux-x86_64-fedora-clang, r-devel-linux-x86_64-fedora-gcc, r-patched-linux-x86_64, r-patched-solaris-x86, r-release-linux-x86_64, r-release-osx-x86_64

Version: 1.2
Check: compiled code
Result: NOTE
    File ‘SoundexBR/libs/SoundexBR.so’:
     Found no calls to: ‘R_registerRoutines’, ‘R_useDynamicSymbols’
    
    It is good practice to register native routines and to disable symbol
    search.
    
    See ‘Writing portable packages’ in the ‘Writing R Extensions’ manual.
Flavors: r-devel-linux-x86_64-debian-clang, r-devel-linux-x86_64-debian-gcc, r-devel-linux-x86_64-fedora-clang, r-devel-linux-x86_64-fedora-gcc, r-patched-linux-x86_64, r-release-linux-x86_64