CRAN Package Check Results for Package SoyNAM

Last updated on 2022-12-10 08:53:45 CET.

Flavor Version Tinstall Tcheck Ttotal Status Flags
r-devel-linux-x86_64-debian-clang 1.6.2 50.50 103.20 153.70 OK
r-devel-linux-x86_64-debian-gcc 1.6.2 39.60 78.67 118.27 OK
r-devel-linux-x86_64-fedora-clang 1.6.2 197.96 NOTE
r-devel-linux-x86_64-fedora-gcc 1.6.2 198.05 NOTE
r-devel-windows-x86_64 1.6.2 41.00 142.00 183.00 NOTE
r-patched-linux-x86_64 1.6.2 43.22 100.19 143.41 OK
r-release-linux-x86_64 1.6.2 46.98 98.34 145.32 OK
r-release-macos-arm64 1.6.2 52.00 NOTE
r-release-macos-x86_64 1.6.2 93.00 NOTE
r-release-windows-x86_64 1.6.2 40.00 140.00 180.00 NOTE
r-oldrel-macos-arm64 1.6.2 49.00 NOTE
r-oldrel-macos-x86_64 1.6.2 75.00 NOTE
r-oldrel-windows-ix86+x86_64 1.6.2 109.00 179.00 288.00 NOTE

Check Details

Version: 1.6.2
Check: installed package size
Result: NOTE
     installed size is 5.1Mb
     sub-directories of 1Mb or more:
     data 4.7Mb
Flavors: r-devel-linux-x86_64-fedora-clang, r-devel-windows-x86_64, r-release-macos-arm64, r-release-macos-x86_64, r-release-windows-x86_64, r-oldrel-macos-arm64, r-oldrel-macos-x86_64, r-oldrel-windows-ix86+x86_64

Version: 1.6.2
Check: dependencies in R code
Result: NOTE
    Namespace in Imports field not imported from: ‘RcppEigen’
     All declared Imports should be used.
Flavors: r-devel-linux-x86_64-fedora-clang, r-devel-linux-x86_64-fedora-gcc, r-release-macos-arm64, r-release-macos-x86_64, r-oldrel-macos-arm64, r-oldrel-macos-x86_64