CRAN Package Check Results for Package SpaDES.core

Last updated on 2018-02-24 04:48:54 CET.

Flavor Version Tinstall Tcheck Ttotal Status Flags
r-devel-linux-x86_64-debian-clang 0.1.1 29.36 353.98 383.34 OK
r-devel-linux-x86_64-debian-gcc 0.1.1 26.61 286.40 313.01 OK
r-devel-linux-x86_64-fedora-clang 0.1.1 447.84 NOTE
r-devel-linux-x86_64-fedora-gcc 0.1.1 457.13 NOTE
r-devel-windows-ix86+x86_64 0.1.1 72.00 468.00 540.00 OK
r-patched-linux-x86_64 0.1.1 30.16 363.23 393.39 WARN
r-patched-solaris-x86 0.1.1 719.40 WARN
r-release-linux-x86_64 0.1.1 33.46 359.04 392.50 WARN
r-release-windows-ix86+x86_64 0.1.1 73.00 508.00 581.00 OK
r-release-osx-x86_64 0.1.1 WARN
r-oldrel-windows-ix86+x86_64 0.1.1 44.00 375.00 419.00 OK
r-oldrel-osx-x86_64 0.1.0 ERROR

Additional issues

rcnst

Check Details

Version: 0.1.1
Check: dependencies in R code
Result: NOTE
    Namespace in Imports field not imported from: ‘sp’
     All declared Imports should be used.
Flavors: r-devel-linux-x86_64-fedora-clang, r-devel-linux-x86_64-fedora-gcc, r-patched-solaris-x86, r-release-osx-x86_64

Version: 0.1.1
Check: re-building of vignette outputs
Result: WARN
    Error in re-building vignettes:
     ...
    
    Attaching package: 'igraph'
    
    The following objects are masked from 'package:stats':
    
     decompose, spectrum
    
    The following object is masked from 'package:base':
    
     union
    
    Loading required package: quickPlot
    Loading required package: reproducible
    
    Attaching package: 'reproducible'
    
    The following object is masked from 'package:igraph':
    
     %>%
    
    Warning in gzfile(file, mode) :
     cannot open compressed file ‘/home/hornik/tmp/R.check/r-patched-gcc/Work/build/Packages/.snapshot.RDS’, probable reason ‘Read-only file system’
    Quitting from lines 326-354 (ii-modules.Rmd)
    Error: processing vignette ‘ii-modules.Rmd’ failed with diagnostics:
    cannot open the connection
    Execution halted
Flavor: r-patched-linux-x86_64

Version: 0.1.1
Check: re-building of vignette outputs
Result: WARN
    Error in re-building vignettes:
     ...
    Warning in engine$weave(file, quiet = quiet, encoding = enc) :
     Pandoc (>= 1.12.3) and/or pandoc-citeproc not available. Falling back to R Markdown v1.
    Warning in engine$weave(file, quiet = quiet, encoding = enc) :
     Pandoc (>= 1.12.3) and/or pandoc-citeproc not available. Falling back to R Markdown v1.
    
    Attaching package: 'igraph'
    
    The following objects are masked from 'package:stats':
    
     decompose, spectrum
    
    The following object is masked from 'package:base':
    
     union
    
    Loading required package: quickPlot
    Loading required package: reproducible
    
    Attaching package: 'reproducible'
    
    The following object is masked from 'package:igraph':
    
     %>%
    
    Loading required package: RColorBrewer
    Loading required package: raster
    Loading required package: sp
    Loading required package: grid
    
    Attaching package: 'grid'
    
    The following object is masked from 'package:quickPlot':
    
     gpar
    
    Quitting from lines 357-361 (ii-modules.Rmd)
    Error: processing vignette 'ii-modules.Rmd' failed with diagnostics:
    cannot open the connection
    Execution halted
Flavor: r-patched-solaris-x86

Version: 0.1.1
Check: re-building of vignette outputs
Result: WARN
    Error in re-building vignettes:
     ...
    
    Attaching package: 'igraph'
    
    The following objects are masked from 'package:stats':
    
     decompose, spectrum
    
    The following object is masked from 'package:base':
    
     union
    
    Loading required package: quickPlot
    Loading required package: reproducible
    
    Attaching package: 'reproducible'
    
    The following object is masked from 'package:igraph':
    
     %>%
    
    Warning in gzfile(file, mode) :
     cannot open compressed file ‘/home/hornik/tmp/R.check/r-release-gcc/Work/build/Packages/.snapshot.RDS’, probable reason ‘Read-only file system’
    Quitting from lines 326-354 (ii-modules.Rmd)
    Error: processing vignette ‘ii-modules.Rmd’ failed with diagnostics:
    cannot open the connection
    Execution halted
Flavor: r-release-linux-x86_64

Version: 0.1.1
Check: re-building of vignette outputs
Result: WARN
    Error in re-building vignettes:
     ...
    
    Loading required package: quickPlot
    Loading required package: reproducible
    
    Attaching package: 'reproducible'
    
    The following object is masked from 'package:igraph':
    
     %>%
    
    Loading required package: RColorBrewer
    Loading required package: raster
    Loading required package: sp
    Loading required package: grid
    
    Attaching package: 'grid'
    
    The following object is masked from 'package:quickPlot':
    
     gpar
    
    Quitting from lines 357-361 (ii-modules.Rmd)
    Error: processing vignette 'ii-modules.Rmd' failed with diagnostics:
    cannot open the connection
    Execution halted
Flavor: r-release-osx-x86_64

Version: 0.1.0
Check: package dependencies
Result: ERROR
    Package required but not available: ‘quickPlot’
    
    Package suggested but not available for checking: ‘SpaDES.tools’
    
    See section ‘The DESCRIPTION file’ in the ‘Writing R Extensions’
    manual.
Flavor: r-oldrel-osx-x86_64