CRAN Package Check Results for Package SpaDES

Last updated on 2018-05-25 11:47:31 CEST.

Flavor Version Tinstall Tcheck Ttotal Status Flags
r-devel-linux-x86_64-debian-clang 2.0.1 12.80 179.57 192.37 WARN
r-devel-linux-x86_64-debian-gcc 2.0.1 11.67 154.28 165.95 WARN
r-devel-linux-x86_64-fedora-clang 2.0.1 267.76 OK
r-devel-linux-x86_64-fedora-gcc 2.0.1 252.59 OK
r-devel-windows-ix86+x86_64 2.0.1 27.00 182.00 209.00 OK
r-patched-linux-x86_64 2.0.1 9.29 170.58 179.87 OK
r-patched-solaris-x86 2.0.1 373.00 OK
r-release-linux-x86_64 2.0.1 11.34 170.57 181.91 OK
r-release-windows-ix86+x86_64 2.0.1 38.00 249.00 287.00 OK
r-release-osx-x86_64 2.0.1 OK
r-oldrel-windows-ix86+x86_64 2.0.1 34.00 200.00 234.00 OK
r-oldrel-osx-x86_64 2.0.1 OK

Check Details

Version: 2.0.1
Check: for unstated dependencies in ‘tests’
Result: WARN
    '::' or ':::' imports not declared from:
     ‘devtools’ ‘hunspell’
    'library' or 'require' call not declared from: ‘devtools’
Flavors: r-devel-linux-x86_64-debian-clang, r-devel-linux-x86_64-debian-gcc