CRAN Package Check Results for Package SparkR

Last updated on 2018-09-22 17:48:08 CEST.

Flavor Version Tinstall Tcheck Ttotal Status Flags
r-release-osx-x86_64 2.3.0 ERROR
r-oldrel-osx-x86_64 2.3.0 OK

Check Details

Version: 2.3.0
Check: tests
Result: ERROR
     Running ‘run-all.R’ [8s/35s]
    Running the tests in ‘tests/run-all.R’ failed.
    Last 13 lines of output:
     4: callJStatic("org.apache.spark.ml.r.GeneralizedLinearRegressionWrapper", "fit", formula,
     data@sdf, tolower(family$family), family$link, tol, as.integer(maxIter), weightCol,
     regParam, as.double(var.power), as.double(link.power), stringIndexerOrderType,
     offsetCol)
     5: invokeJava(isStatic = TRUE, className, methodName, ...)
     6: handleErrors(returnStatus, conn)
     7: stop(readString(conn))
    
     ══ testthat results ═══════════════════════════════════════════════════════════
     OK: 0 SKIPPED: 0 FAILED: 2
     1. Error: create DataFrame from list or data.frame (@test_basic.R#26)
     2. Error: spark.glm and predict (@test_basic.R#58)
    
     Error: testthat unit tests failed
     Execution halted
Flavor: r-release-osx-x86_64

Version: 2.3.0
Check: re-building of vignette outputs
Result: WARN
    Error in re-building vignettes:
     ...
     at org.apache.spark.sql.Dataset.org$apache$spark$sql$Dataset$$collectFromPlan(Dataset.scala:3272)
     at org.apache.spark.sql.Dataset$$anonfun$collect$1.apply(Dataset.scala:2722)
     at org.apache.spark.sql.Dataset$$anonfun$collect$1.apply(Dataset.scala:2722)
     at org.apache.spark.sql.Dataset$$anonfun$52.apply(Dataset.scala:3253)
     at org.apache.spark.sql.execution.SQLExecution$.withNewExecutionId(SQLExecution.scala:77)
     at org.apache.spark.sql.Dataset.withAction(Dataset.scala:3252)
     at org.apache.spark.sql.Dataset.collect(Dataset.scala:2722)
     at org.apache.spark.sql.api.r.SQLUtils$.dfToCols(SQLUtils.scala:173)
     at org.apache.spark.sql.api.r.SQLUtils.dfToCols(SQLUtils.scala)
     ... 36 more
    Quitting from lines 102-104 (sparkr-vignettes.Rmd)
    Error: processing vignette 'sparkr-vignettes.Rmd' failed with diagnostics:
    java.lang.IllegalArgumentException
     at org.apache.xbean.asm5.ClassReader.<init>(Unknown Source)
     at org.apache.xbean.asm5.ClassReader.<init>(Unknown Source)
     at org.apache.xbean.asm5.ClassReader.<init>(Unknown Source)
     at org.apache.spark.util.ClosureCleaner$.getClassReader(ClosureCleaner.scala:46)
     at org.apache.spark.util.FieldAccessFinder$$anon$3$$anonfun$visitMethodInsn$2.apply(ClosureCleaner.scala:449)
     at org.apache.spark.util.FieldAccessFinder$$anon$3$$anonfun$visitMethodInsn$2.apply(ClosureCleaner.scala:432)
     at scala.collection.TraversableLike$WithFilter$$anonfun$foreach$1.apply(TraversableLike.scala:733)
     at scala.collection.mutable.HashMap$$anon$1$$anonfun$foreach$2.apply(HashMap.scala:103)
     at scala.collection.mutable.HashMap$$anon$1$$anonfun$foreach$2.apply(HashMap.scala:103)
     at scala.collection.mutable.HashTable$class.foreachEntry(HashTable.scala:230)
     at scala.collection.mutable.HashMap.foreachE
    Execution halted
Flavor: r-release-osx-x86_64