CRAN Package Check Results for Package SpatialEpiApp

Last updated on 2018-08-19 09:48:22 CEST.

Flavor Version Tinstall Tcheck Ttotal Status Flags
r-devel-linux-x86_64-debian-clang 0.3 1.34 21.01 22.35 NOTE
r-devel-linux-x86_64-debian-gcc 0.3 1.03 16.70 17.73 NOTE
r-devel-linux-x86_64-fedora-clang 0.3 26.63 NOTE
r-devel-linux-x86_64-fedora-gcc 0.3 25.35 NOTE
r-devel-windows-ix86+x86_64 0.3 8.00 44.00 52.00 OK
r-patched-linux-x86_64 0.3 1.28 19.43 20.71 NOTE
r-patched-solaris-x86 0.3 38.00 NOTE
r-release-linux-x86_64 0.3 1.17 19.56 20.73 NOTE
r-release-windows-ix86+x86_64 0.3 11.00 47.00 58.00 OK
r-release-osx-x86_64 0.3 NOTE
r-oldrel-windows-ix86+x86_64 0.3 5.00 32.00 37.00 OK
r-oldrel-osx-x86_64 0.3 NOTE

Check Details

Version: 0.3
Check: package dependencies
Result: NOTE
    Package suggested but not available for checking: ‘INLA’
Flavors: r-devel-linux-x86_64-debian-clang, r-devel-linux-x86_64-debian-gcc, r-patched-linux-x86_64, r-patched-solaris-x86, r-release-linux-x86_64, r-release-osx-x86_64, r-oldrel-osx-x86_64

Version: 0.3
Check: dependencies in R code
Result: NOTE
    Namespaces in Imports field not imported from:
     ‘RColorBrewer’ ‘SpatialEpi’ ‘dplyr’ ‘dygraphs’ ‘ggplot2’
     ‘htmlwidgets’ ‘knitr’ ‘leaflet’ ‘mapproj’ ‘maptools’ ‘rgdal’ ‘rgeos’
     ‘rmarkdown’ ‘shinyjs’ ‘spdep’ ‘xts’
     All declared Imports should be used.
Flavors: r-devel-linux-x86_64-fedora-clang, r-devel-linux-x86_64-fedora-gcc, r-patched-solaris-x86, r-release-osx-x86_64, r-oldrel-osx-x86_64