CRAN Package Check Results for Package SpatialEpiApp

Last updated on 2018-11-19 06:47:11 CET.

Flavor Version Tinstall Tcheck Ttotal Status Flags
r-devel-linux-x86_64-debian-clang NOTE
r-devel-linux-x86_64-debian-gcc 0.3 1.07 16.46 17.53 NOTE
r-devel-linux-x86_64-fedora-clang 0.3 26.78 NOTE
r-devel-linux-x86_64-fedora-gcc 0.3 25.81 NOTE
r-devel-windows-ix86+x86_64 0.3 7.00 44.00 51.00 OK
r-patched-linux-x86_64 0.3 1.26 19.27 20.53 NOTE
r-patched-solaris-x86 0.3 37.50 NOTE
r-release-linux-x86_64 0.3 1.32 19.42 20.74 NOTE
r-release-windows-ix86+x86_64 0.3 9.00 48.00 57.00 OK
r-release-osx-x86_64 0.3 NOTE
r-oldrel-windows-ix86+x86_64 0.3 5.00 31.00 36.00 OK
r-oldrel-osx-x86_64 0.3 NOTE

Check Details

Version: 0.3
Check: package dependencies
Result: NOTE
    Package suggested but not available for checking: ‘INLA’
Flavors: r-devel-linux-x86_64-debian-clang, r-devel-linux-x86_64-debian-gcc, r-patched-linux-x86_64, r-patched-solaris-x86, r-release-linux-x86_64, r-release-osx-x86_64, r-oldrel-osx-x86_64

Version: 0.3
Check: dependencies in R code
Result: NOTE
    Namespaces in Imports field not imported from:
     ‘RColorBrewer’ ‘SpatialEpi’ ‘dplyr’ ‘dygraphs’ ‘ggplot2’
     ‘htmlwidgets’ ‘knitr’ ‘leaflet’ ‘mapproj’ ‘maptools’ ‘rgdal’ ‘rgeos’
     ‘rmarkdown’ ‘shinyjs’ ‘spdep’ ‘xts’
     All declared Imports should be used.
Flavors: r-devel-linux-x86_64-fedora-clang, r-devel-linux-x86_64-fedora-gcc, r-patched-solaris-x86, r-release-osx-x86_64, r-oldrel-osx-x86_64