CRAN Package Check Results for Package SpatialEpiApp

Last updated on 2018-05-26 06:48:27 CEST.

Flavor Version Tinstall Tcheck Ttotal Status Flags
r-devel-linux-x86_64-debian-clang 0.3 1.04 20.20 21.24 NOTE
r-devel-linux-x86_64-debian-gcc 0.3 0.84 15.93 16.77 NOTE
r-devel-linux-x86_64-fedora-clang 0.3 26.87 NOTE
r-devel-linux-x86_64-fedora-gcc 0.3 25.40 NOTE
r-devel-windows-ix86+x86_64 0.3 6.00 33.00 39.00 OK
r-patched-linux-x86_64 0.3 1.13 18.80 19.93 NOTE
r-patched-solaris-x86 0.3 36.30 NOTE
r-release-linux-x86_64 0.3 1.28 19.00 20.28 NOTE
r-release-windows-ix86+x86_64 0.3 7.00 41.00 48.00 OK
r-release-osx-x86_64 0.3 NOTE
r-oldrel-windows-ix86+x86_64 0.3 9.00 30.00 39.00 OK
r-oldrel-osx-x86_64 0.3 NOTE

Check Details

Version: 0.3
Check: package dependencies
Result: NOTE
    Package suggested but not available for checking: ‘INLA’
Flavors: r-devel-linux-x86_64-debian-clang, r-devel-linux-x86_64-debian-gcc, r-patched-linux-x86_64, r-patched-solaris-x86, r-release-linux-x86_64, r-release-osx-x86_64, r-oldrel-osx-x86_64

Version: 0.3
Check: dependencies in R code
Result: NOTE
    Namespaces in Imports field not imported from:
     ‘RColorBrewer’ ‘SpatialEpi’ ‘dplyr’ ‘dygraphs’ ‘ggplot2’
     ‘htmlwidgets’ ‘knitr’ ‘leaflet’ ‘mapproj’ ‘maptools’ ‘rgdal’ ‘rgeos’
     ‘rmarkdown’ ‘shinyjs’ ‘spdep’ ‘xts’
     All declared Imports should be used.
Flavors: r-devel-linux-x86_64-fedora-clang, r-devel-linux-x86_64-fedora-gcc, r-patched-solaris-x86, r-release-osx-x86_64, r-oldrel-osx-x86_64