CRAN Package Check Results for Package SpatialEpiApp

Last updated on 2019-02-16 19:47:46 CET.

Flavor Version Tinstall Tcheck Ttotal Status Flags
r-devel-linux-x86_64-debian-clang 0.3 1.24 20.13 21.37 NOTE
r-devel-linux-x86_64-debian-gcc 0.3 1.23 16.09 17.32 NOTE
r-devel-linux-x86_64-fedora-clang 0.3 27.53 NOTE
r-devel-linux-x86_64-fedora-gcc 0.3 25.79 NOTE
r-devel-windows-ix86+x86_64 0.3 8.00 50.00 58.00 OK
r-patched-linux-x86_64 0.3 1.34 19.37 20.71 NOTE
r-patched-solaris-x86 0.3 36.30 NOTE
r-release-linux-x86_64 0.3 NOTE
r-release-windows-ix86+x86_64 0.3 6.00 32.00 38.00 OK
r-release-osx-x86_64 0.3 NOTE
r-oldrel-windows-ix86+x86_64 0.3 9.00 80.00 89.00 OK
r-oldrel-osx-x86_64 0.3 NOTE

Check Details

Version: 0.3
Check: package dependencies
Result: NOTE
    Package suggested but not available for checking: ‘INLA’
Flavors: r-devel-linux-x86_64-debian-clang, r-devel-linux-x86_64-debian-gcc, r-patched-linux-x86_64, r-patched-solaris-x86, r-release-linux-x86_64, r-release-osx-x86_64, r-oldrel-osx-x86_64

Version: 0.3
Check: dependencies in R code
Result: NOTE
    Namespaces in Imports field not imported from:
     ‘RColorBrewer’ ‘SpatialEpi’ ‘dplyr’ ‘dygraphs’ ‘ggplot2’
     ‘htmlwidgets’ ‘knitr’ ‘leaflet’ ‘mapproj’ ‘maptools’ ‘rgdal’ ‘rgeos’
     ‘rmarkdown’ ‘shinyjs’ ‘spdep’ ‘xts’
     All declared Imports should be used.
Flavors: r-devel-linux-x86_64-fedora-clang, r-devel-linux-x86_64-fedora-gcc, r-patched-solaris-x86, r-release-osx-x86_64, r-oldrel-osx-x86_64