Last updated on 2025-01-17 08:50:29 CET.
Flavor | Version | Tinstall | Tcheck | Ttotal | Status | Flags |
---|---|---|---|---|---|---|
r-devel-linux-x86_64-debian-clang | 1.0.1 | 148.49 | 70.75 | 219.24 | OK | |
r-devel-linux-x86_64-debian-gcc | 1.0.1 | 135.21 | 53.50 | 188.71 | OK | |
r-devel-linux-x86_64-fedora-clang | 1.0.1 | 321.98 | OK | |||
r-devel-windows-x86_64 | 1.0.1 | 134.00 | 113.00 | 247.00 | OK | |
r-patched-linux-x86_64 | 1.0.1 | 180.32 | 70.95 | 251.27 | NOTE | |
r-release-linux-x86_64 | 1.0.1 | 182.53 | 69.74 | 252.27 | NOTE | |
r-release-macos-arm64 | 1.0.1 | 119.00 | NOTE | |||
r-release-macos-x86_64 | 1.0.1 | 317.00 | NOTE | |||
r-release-windows-x86_64 | 1.0.1 | 142.00 | 114.00 | 256.00 | NOTE | |
r-oldrel-macos-arm64 | 1.0.1 | 158.00 | NOTE | |||
r-oldrel-macos-x86_64 | 1.0.1 | 312.00 | NOTE | |||
r-oldrel-windows-x86_64 | 1.0.1 | 178.00 | 137.00 | 315.00 | NOTE |
Version: 1.0.1
Check: package dependencies
Result: NOTE
Package suggested but not available for checking: ‘INLA’
Flavors: r-patched-linux-x86_64, r-release-linux-x86_64, r-release-macos-arm64, r-release-macos-x86_64, r-oldrel-macos-arm64, r-oldrel-macos-x86_64, r-oldrel-windows-x86_64
Version: 1.0.1
Check: installed package size
Result: NOTE
installed size is 95.1Mb
sub-directories of 1Mb or more:
libs 94.2Mb
Flavors: r-release-macos-arm64, r-release-macos-x86_64, r-release-windows-x86_64, r-oldrel-macos-arm64, r-oldrel-macos-x86_64, r-oldrel-windows-x86_64