CRAN Package Check Results for Package SpatialTools

Last updated on 2019-12-06 01:46:48 CET.

Flavor Version Tinstall Tcheck Ttotal Status Flags
r-devel-linux-x86_64-debian-clang 1.0.4 88.53 63.23 151.76 OK
r-devel-linux-x86_64-debian-gcc 1.0.4 64.32 49.73 114.05 OK
r-devel-linux-x86_64-fedora-clang 1.0.4 197.99 NOTE
r-devel-linux-x86_64-fedora-gcc 1.0.4 190.89 OK
r-devel-windows-ix86+x86_64 1.0.4 148.00 142.00 290.00 OK
r-devel-windows-ix86+x86_64-gcc8 1.0.4 166.00 123.00 289.00 OK
r-patched-linux-x86_64 1.0.4 63.19 57.14 120.33 OK
r-patched-solaris-x86 1.0.4 195.70 OK
r-release-linux-x86_64 1.0.4 70.42 57.07 127.49 OK
r-release-windows-ix86+x86_64 1.0.4 194.00 100.00 294.00 OK
r-release-osx-x86_64 1.0.4 OK
r-oldrel-windows-ix86+x86_64 1.0.4 121.00 142.00 263.00 OK
r-oldrel-osx-x86_64 1.0.4 OK

Check Details

Version: 1.0.4
Check: installed package size
Result: NOTE
     installed size is 5.7Mb
     sub-directories of 1Mb or more:
     libs 5.4Mb
Flavor: r-devel-linux-x86_64-fedora-clang