CRAN Package Check Results for Package StAMPP

Last updated on 2020-01-27 02:47:35 CET.

Flavor Version Tinstall Tcheck Ttotal Status Flags
r-devel-linux-x86_64-debian-clang 1.5.1 15.28 121.10 136.38 NOTE
r-devel-linux-x86_64-debian-gcc 1.5.1 12.84 92.72 105.56 NOTE
r-devel-linux-x86_64-fedora-clang 1.5.1 164.69 NOTE
r-devel-linux-x86_64-fedora-gcc 1.5.1 183.05 NOTE
r-devel-windows-ix86+x86_64 1.5.1 46.00 210.00 256.00 OK
r-devel-windows-ix86+x86_64-gcc8 1.5.1 49.00 198.00 247.00 OK
r-patched-linux-x86_64 1.5.1 12.11 102.82 114.93 OK
r-patched-solaris-x86 1.5.1 264.90 OK
r-release-linux-x86_64 1.5.1 14.44 103.62 118.06 OK
r-release-windows-ix86+x86_64 1.5.1 26.00 122.00 148.00 OK
r-release-osx-x86_64 1.5.1 OK
r-oldrel-windows-ix86+x86_64 1.5.1 15.00 148.00 163.00 ERROR
r-oldrel-osx-x86_64 1.5.1 OK

Check Details

Version: 1.5.1
Check: for non-standard things in the check directory
Result: NOTE
    Found the following files/directories:
     'potato_distance.txt'
Flavors: r-devel-linux-x86_64-debian-clang, r-devel-linux-x86_64-debian-gcc, r-devel-linux-x86_64-fedora-clang, r-devel-linux-x86_64-fedora-gcc

Version: 1.5.1
Check: whether package can be installed
Result: ERROR
    Installation failed.
Flavor: r-oldrel-windows-ix86+x86_64