CRAN Package Check Results for Package StAMPP

Last updated on 2019-09-16 00:47:54 CEST.

Flavor Version Tinstall Tcheck Ttotal Status Flags
r-devel-linux-x86_64-debian-clang 1.5.1 15.06 109.19 124.25 NOTE
r-devel-linux-x86_64-debian-gcc 1.5.1 12.22 84.33 96.55 NOTE
r-devel-linux-x86_64-fedora-clang 1.5.1 148.50 NOTE
r-devel-linux-x86_64-fedora-gcc 1.5.1 146.13 NOTE
r-devel-windows-ix86+x86_64 1.5.1 43.00 198.00 241.00 OK
r-patched-linux-x86_64 1.5.1 13.90 105.53 119.43 OK
r-patched-solaris-x86 1.5.1 264.00 OK
r-release-linux-x86_64 1.5.1 14.99 104.58 119.57 OK
r-release-windows-ix86+x86_64 1.5.1 32.00 126.00 158.00 OK
r-release-osx-x86_64 1.5.1 OK
r-oldrel-windows-ix86+x86_64 1.5.1 25.00 122.00 147.00 OK
r-oldrel-osx-x86_64 1.5.1 OK

Check Details

Version: 1.5.1
Check: for non-standard things in the check directory
Result: NOTE
    Found the following files/directories:
     'potato_distance.txt'
Flavors: r-devel-linux-x86_64-debian-clang, r-devel-linux-x86_64-debian-gcc, r-devel-linux-x86_64-fedora-clang, r-devel-linux-x86_64-fedora-gcc