CRAN Package Check Results for Package StabilizedRegression

Last updated on 2021-05-06 23:49:48 CEST.

Flavor Version Tinstall Tcheck Ttotal Status Flags
r-devel-linux-x86_64-debian-clang 1.0 12.16 97.46 109.62 NOTE
r-devel-linux-x86_64-debian-gcc 1.0 9.60 71.04 80.64 NOTE
r-devel-linux-x86_64-fedora-clang 1.0 136.42 NOTE
r-devel-linux-x86_64-fedora-gcc 1.0 125.87 NOTE
r-devel-windows-ix86+x86_64 1.0 27.00 110.00 137.00 NOTE
r-devel-windows-x86_64-gcc10-UCRT 1.0 NOTE
r-patched-linux-x86_64 1.0 11.63 92.14 103.77 NOTE
r-patched-solaris-x86 1.0 181.10 OK
r-release-linux-x86_64 1.0 11.47 87.58 99.05 OK
r-release-macos-x86_64 1.0 OK
r-release-windows-ix86+x86_64 1.0 18.00 89.00 107.00 OK
r-oldrel-macos-x86_64 1.0 OK
r-oldrel-windows-ix86+x86_64 1.0 23.00 108.00 131.00 OK

Check Details

Version: 1.0
Check: LazyData
Result: NOTE
     'LazyData' is specified without a 'data' directory
Flavors: r-devel-linux-x86_64-debian-clang, r-devel-linux-x86_64-debian-gcc, r-devel-linux-x86_64-fedora-clang, r-devel-linux-x86_64-fedora-gcc, r-devel-windows-ix86+x86_64, r-devel-windows-x86_64-gcc10-UCRT, r-patched-linux-x86_64