CRAN Package Check Results for Package Stack

Last updated on 2018-08-22 08:49:09 CEST.

Flavor Version Tinstall Tcheck Ttotal Status Flags
r-devel-linux-x86_64-debian-clang 2.0-1 3.24 26.19 29.43 NOTE
r-devel-linux-x86_64-debian-gcc 2.0-1 2.73 21.41 24.14 NOTE
r-devel-linux-x86_64-fedora-clang 2.0-1 34.23 NOTE
r-devel-linux-x86_64-fedora-gcc 2.0-1 32.73 NOTE
r-devel-windows-ix86+x86_64 2.0-1 5.00 39.00 44.00 NOTE
r-patched-linux-x86_64 2.0-1 3.12 24.18 27.30 NOTE
r-patched-solaris-x86 2.0-1 53.50 NOTE
r-release-linux-x86_64 2.0-1 3.10 24.16 27.26 NOTE
r-release-windows-ix86+x86_64 2.0-1 7.00 36.00 43.00 NOTE
r-release-osx-x86_64 2.0-1 NOTE
r-oldrel-windows-ix86+x86_64 2.0-1 3.00 48.00 51.00 NOTE
r-oldrel-osx-x86_64 2.0-1 NOTE

Check Details

Version: 2.0-1
Check: R code for possible problems
Result: NOTE
    .expandLevels: no visible global function definition for ‘na.omit’
    .ffStack: no visible global function definition for ‘na.omit’
    .ffffStack: no visible global function definition for ‘na.omit’
    Stack : <anonymous>: no visible global function definition for
     ‘na.omit’
    ffStack,ffdf-data.frame: no visible global function definition for
     ‘na.omit’
    ffStack,ffdf-ffdf: no visible global function definition for ‘na.omit’
    ffStack,ffdf-list: no visible global function definition for ‘na.omit’
    Undefined global functions or variables:
     na.omit
    Consider adding
     importFrom("stats", "na.omit")
    to your NAMESPACE file.
Flavors: r-devel-linux-x86_64-debian-clang, r-devel-linux-x86_64-debian-gcc, r-devel-linux-x86_64-fedora-clang, r-devel-linux-x86_64-fedora-gcc, r-devel-windows-ix86+x86_64, r-patched-linux-x86_64, r-patched-solaris-x86, r-release-linux-x86_64, r-release-windows-ix86+x86_64, r-release-osx-x86_64, r-oldrel-windows-ix86+x86_64, r-oldrel-osx-x86_64