CRAN Package Check Results for Package StanMoMo

Last updated on 2023-11-28 13:51:10 CET.

Flavor Version Tinstall Tcheck Ttotal Status Flags
r-devel-linux-x86_64-debian-clang 1.2.0 739.16 246.52 985.68 NOTE
r-devel-linux-x86_64-debian-gcc 1.2.0 587.07 216.53 803.60 NOTE
r-devel-linux-x86_64-fedora-clang 1.2.0 1199.79 NOTE
r-devel-linux-x86_64-fedora-gcc 1.2.0 1570.62 NOTE
r-devel-windows-x86_64 1.2.0 520.00 326.00 846.00 NOTE
r-patched-linux-x86_64 1.2.0 563.59 282.21 845.80 NOTE
r-release-linux-x86_64 1.2.0 513.63 283.31 796.94 NOTE
r-release-macos-arm64 1.2.0 360.00 NOTE
r-release-macos-x86_64 1.2.0 551.00 NOTE
r-release-windows-x86_64 1.2.0 674.00 392.00 1066.00 NOTE
r-oldrel-macos-arm64 1.2.0 325.00 NOTE
r-oldrel-macos-x86_64 1.2.0 504.00 NOTE
r-oldrel-windows-x86_64 1.2.0 646.00 321.00 967.00 NOTE

Check Details

Version: 1.2.0
Check: for GNU extensions in Makefiles
Result: NOTE GNU make is a SystemRequirements. Flavors: r-devel-linux-x86_64-debian-clang, r-devel-linux-x86_64-debian-gcc, r-devel-linux-x86_64-fedora-clang, r-devel-linux-x86_64-fedora-gcc, r-devel-windows-x86_64, r-patched-linux-x86_64, r-release-linux-x86_64, r-release-macos-arm64, r-release-macos-x86_64, r-release-windows-x86_64, r-oldrel-macos-arm64, r-oldrel-macos-x86_64, r-oldrel-windows-x86_64

Version: 1.2.0
Check: installed package size
Result: NOTE installed size is 7.0Mb sub-directories of 1Mb or more: libs 6.2Mb Flavors: r-devel-linux-x86_64-fedora-clang, r-devel-windows-x86_64, r-release-macos-arm64, r-release-macos-x86_64, r-release-windows-x86_64, r-oldrel-macos-arm64, r-oldrel-macos-x86_64, r-oldrel-windows-x86_64

Version: 1.2.0
Check: dependencies in R code
Result: NOTE Namespaces in Imports field not imported from: ‘RcppParallel’ ‘httr’ ‘latex2exp’ ‘rstantools’ ‘tibble’ ‘tidyverse’ ‘utils’ All declared Imports should be used. Flavors: r-devel-linux-x86_64-fedora-clang, r-devel-linux-x86_64-fedora-gcc