Last updated on 2022-05-17 21:50:59 CEST.
Flavor | Version | Tinstall | Tcheck | Ttotal | Status | Flags |
---|---|---|---|---|---|---|
r-devel-linux-x86_64-debian-clang | 1.1.0 | 51.98 | 129.32 | 181.30 | OK | |
r-devel-linux-x86_64-debian-gcc | 1.1.0 | 47.48 | 95.79 | 143.27 | OK | |
r-devel-linux-x86_64-fedora-clang | 1.1.0 | 232.32 | OK | |||
r-devel-linux-x86_64-fedora-gcc | 1.1.0 | 218.16 | OK | |||
r-devel-windows-x86_64 | 1.1.0 | 58.00 | 172.00 | 230.00 | OK | |
r-patched-linux-x86_64 | 1.1.0 | 48.28 | 119.49 | 167.77 | OK | |
r-release-linux-x86_64 | 1.1.0 | 44.11 | 122.07 | 166.18 | OK | |
r-release-macos-arm64 | 1.1.0 | 58.00 | OK | |||
r-release-macos-x86_64 | 1.1.0 | 106.00 | OK | |||
r-release-windows-x86_64 | 1.1.0 | 60.00 | 161.00 | 221.00 | OK | |
r-oldrel-macos-arm64 | 1.1.0 | 65.00 | NOTE | |||
r-oldrel-macos-x86_64 | 1.1.0 | 111.00 | OK | |||
r-oldrel-windows-ix86+x86_64 | 1.1.0 | 130.00 | 194.00 | 324.00 | OK |
Version: 1.1.0
Check: installed package size
Result: NOTE
installed size is 5.1Mb
sub-directories of 1Mb or more:
libs 4.9Mb
Flavor: r-oldrel-macos-arm64