CRAN Package Check Results for Package StepReg

Last updated on 2018-12-13 01:50:27 CET.

Flavor Version Tinstall Tcheck Ttotal Status Flags
r-devel-linux-x86_64-debian-clang 1.0.0 39.79 23.09 62.88 OK
r-devel-linux-x86_64-debian-gcc 1.0.0 34.90 19.61 54.51 OK
r-devel-linux-x86_64-fedora-clang 1.0.0 86.86 NOTE
r-devel-linux-x86_64-fedora-gcc 1.0.0 83.37 OK
r-devel-windows-ix86+x86_64 1.0.0 77.00 54.00 131.00 OK
r-patched-linux-x86_64 1.0.0 40.16 22.90 63.06 OK
r-patched-solaris-x86 1.0.0 87.00 OK
r-release-linux-x86_64 1.0.0 43.23 23.11 66.34 OK
r-release-windows-ix86+x86_64 1.0.0 73.00 52.00 125.00 OK
r-release-osx-x86_64 1.0.0 NOTE
r-oldrel-windows-ix86+x86_64 1.0.0 54.00 57.00 111.00 OK
r-oldrel-osx-x86_64 1.0.0 NOTE

Check Details

Version: 1.0.0
Check: installed package size
Result: NOTE
     installed size is 13.6Mb
     sub-directories of 1Mb or more:
     libs 13.5Mb
Flavors: r-devel-linux-x86_64-fedora-clang, r-release-osx-x86_64, r-oldrel-osx-x86_64