CRAN Package Check Results for Package StepReg

Last updated on 2019-02-19 00:51:31 CET.

Flavor Version Tinstall Tcheck Ttotal Status Flags
r-devel-linux-x86_64-debian-clang 1.0.1 38.61 23.27 61.88 OK
r-devel-linux-x86_64-debian-gcc 1.0.1 35.02 19.63 54.65 OK
r-devel-linux-x86_64-fedora-clang 1.0.1 91.00 NOTE
r-devel-linux-x86_64-fedora-gcc 1.0.1 85.33 OK
r-devel-windows-ix86+x86_64 1.0.1 79.00 54.00 133.00 OK
r-patched-linux-x86_64 1.0.1 40.58 22.57 63.15 OK
r-patched-solaris-x86 1.0.1 84.20 OK
r-release-linux-x86_64 1.0.1 39.51 22.89 62.40 OK
r-release-windows-ix86+x86_64 1.0.1 56.00 74.00 130.00 OK
r-release-osx-x86_64 1.0.1 NOTE
r-oldrel-windows-ix86+x86_64 1.0.1 83.00 65.00 148.00 OK
r-oldrel-osx-x86_64 1.0.1 NOTE

Check Details

Version: 1.0.1
Check: installed package size
Result: NOTE
     installed size is 12.3Mb
     sub-directories of 1Mb or more:
     libs 12.1Mb
Flavors: r-devel-linux-x86_64-fedora-clang, r-release-osx-x86_64, r-oldrel-osx-x86_64