CRAN Package Check Results for Package StepReg

Last updated on 2019-05-27 09:50:36 CEST.

Flavor Version Tinstall Tcheck Ttotal Status Flags
r-devel-linux-x86_64-debian-clang 1.1.0 36.82 22.73 59.55 OK
r-devel-linux-x86_64-debian-gcc 1.1.0 34.72 19.80 54.52 OK
r-devel-linux-x86_64-fedora-clang 1.1.0 89.76 NOTE
r-devel-linux-x86_64-fedora-gcc 1.1.0 85.55 OK
r-devel-windows-ix86+x86_64 1.1.0 98.00 69.00 167.00 OK
r-patched-linux-x86_64 1.0.1 OK
r-patched-solaris-x86 1.1.0 96.20 OK
r-release-linux-x86_64 1.1.0 40.33 23.91 64.24 OK
r-release-windows-ix86+x86_64 1.0.1 86.00 68.00 154.00 OK
r-release-osx-x86_64 1.1.0 NOTE
r-oldrel-windows-ix86+x86_64 1.1.0 63.00 56.00 119.00 OK
r-oldrel-osx-x86_64 1.1.0 NOTE

Check Details

Version: 1.1.0
Check: installed package size
Result: NOTE
     installed size is 12.3Mb
     sub-directories of 1Mb or more:
     libs 12.1Mb
Flavors: r-devel-linux-x86_64-fedora-clang, r-release-osx-x86_64, r-oldrel-osx-x86_64