CRAN Package Check Results for Package StepwiseTest

Last updated on 2019-09-19 13:46:23 CEST.

Flavor Version Tinstall Tcheck Ttotal Status Flags
r-devel-linux-x86_64-debian-clang 1.0 24.49 20.56 45.05 OK
r-devel-linux-x86_64-debian-gcc 1.0 21.36 16.99 38.35 OK
r-devel-linux-x86_64-fedora-clang 1.0 67.41 NOTE
r-devel-linux-x86_64-fedora-gcc 1.0 63.88 NOTE
r-devel-windows-ix86+x86_64 1.0 102.00 73.00 175.00 OK
r-patched-linux-x86_64 1.0 25.20 20.56 45.76 OK
r-patched-solaris-x86 1.0 75.50 OK
r-release-linux-x86_64 1.0 21.71 20.70 42.41 OK
r-release-windows-ix86+x86_64 1.0 43.00 56.00 99.00 OK
r-release-osx-x86_64 1.0 OK
r-oldrel-windows-ix86+x86_64 1.0 50.00 48.00 98.00 OK
r-oldrel-osx-x86_64 1.0 OK

Check Details

Version: 1.0
Check: compiled code
Result: NOTE
    File ‘StepwiseTest/libs/StepwiseTest.so’:
     Found no calls to: ‘R_registerRoutines’, ‘R_useDynamicSymbols’
    
    It is good practice to register native routines and to disable symbol
    search.
    
    See ‘Writing portable packages’ in the ‘Writing R Extensions’ manual.
Flavors: r-devel-linux-x86_64-fedora-clang, r-devel-linux-x86_64-fedora-gcc