CRAN Package Check Results for Package StepwiseTest

Last updated on 2024-02-26 04:49:41 CET.

Flavor Version Tinstall Tcheck Ttotal Status Flags
r-devel-linux-x86_64-debian-clang 1.0 34.35 26.54 60.89 OK
r-devel-linux-x86_64-debian-gcc 1.0 26.08 20.93 47.01 OK
r-devel-linux-x86_64-fedora-clang 1.0 87.72 NOTE
r-devel-linux-x86_64-fedora-gcc 1.0 83.37 NOTE
r-devel-windows-x86_64 1.0 27.00 66.00 93.00 OK
r-patched-linux-x86_64 1.0 34.23 26.36 60.59 OK
r-release-linux-x86_64 1.0 34.82 26.15 60.97 OK
r-release-macos-arm64 1.0 29.00 OK
r-release-macos-x86_64 1.0 42.00 OK
r-release-windows-x86_64 1.0 35.00 70.00 105.00 OK
r-oldrel-macos-arm64 1.0 26.00 OK
r-oldrel-windows-x86_64 1.0 33.00 68.00 101.00 OK

Check Details

Version: 1.0
Check: compiled code
Result: NOTE File ‘StepwiseTest/libs/StepwiseTest.so’: Found no calls to: ‘R_registerRoutines’, ‘R_useDynamicSymbols’ It is good practice to register native routines and to disable symbol search. See ‘Writing portable packages’ in the ‘Writing R Extensions’ manual. Flavors: r-devel-linux-x86_64-fedora-clang, r-devel-linux-x86_64-fedora-gcc