CRAN Package Check Results for Package StepwiseTest

Last updated on 2020-02-27 17:51:10 CET.

Flavor Version Tinstall Tcheck Ttotal Status Flags
r-devel-linux-x86_64-debian-clang 1.0 30.19 22.74 52.93 OK
r-devel-linux-x86_64-debian-gcc 1.0 20.71 18.34 39.05 OK
r-devel-linux-x86_64-fedora-clang 1.0 70.10 NOTE
r-devel-linux-x86_64-fedora-gcc 1.0 66.34 NOTE
r-devel-windows-ix86+x86_64 1.0 61.00 57.00 118.00 OK
r-devel-windows-ix86+x86_64-gcc8 1.0 65.00 58.00 123.00 OK
r-patched-linux-x86_64 1.0 22.95 20.83 43.78 OK
r-patched-solaris-x86 1.0 81.40 OK
r-release-linux-x86_64 1.0 24.14 21.00 45.14 OK
r-release-windows-ix86+x86_64 1.0 49.00 54.00 103.00 OK
r-release-osx-x86_64 1.0 OK
r-oldrel-windows-ix86+x86_64 1.0 40.00 59.00 99.00 OK
r-oldrel-osx-x86_64 1.0 OK

Check Details

Version: 1.0
Check: compiled code
Result: NOTE
    File ‘StepwiseTest/libs/StepwiseTest.so’:
     Found no calls to: ‘R_registerRoutines’, ‘R_useDynamicSymbols’
    
    It is good practice to register native routines and to disable symbol
    search.
    
    See ‘Writing portable packages’ in the ‘Writing R Extensions’ manual.
Flavors: r-devel-linux-x86_64-fedora-clang, r-devel-linux-x86_64-fedora-gcc