CRAN Package Check Results for Package StratSel

Last updated on 2018-12-17 17:48:14 CET.

Flavor Version Tinstall Tcheck Ttotal Status Flags
r-devel-linux-x86_64-debian-clang 1.3 3.62 54.62 58.24 OK
r-devel-linux-x86_64-debian-gcc 1.3 2.91 41.47 44.38 OK
r-devel-linux-x86_64-fedora-clang 1.3 67.14 OK
r-devel-linux-x86_64-fedora-gcc 1.3 62.49 OK
r-devel-windows-ix86+x86_64 1.3 12.00 80.00 92.00 OK
r-patched-linux-x86_64 1.3 3.59 51.21 54.80 OK
r-patched-solaris-x86 1.3 100.80 OK
r-release-linux-x86_64 1.3 3.56 50.21 53.77 OK
r-release-windows-ix86+x86_64 1.3 9.00 99.00 108.00 OK
r-release-osx-x86_64 1.3 OK
r-oldrel-windows-ix86+x86_64 1.2 13.00 63.00 76.00 OK
r-oldrel-osx-x86_64 1.3 ERROR

Check Details

Version: 1.3
Check: whether package can be installed
Result: ERROR
    Installation failed.
Flavor: r-oldrel-osx-x86_64