CRAN Package Check Results for Package StratSel

Last updated on 2018-06-18 00:49:34 CEST.

Flavor Version Tinstall Tcheck Ttotal Status Flags
r-devel-linux-x86_64-debian-clang 1.3 3.88 55.27 59.15 OK
r-devel-linux-x86_64-debian-gcc 1.3 2.40 46.78 49.18 OK
r-devel-linux-x86_64-fedora-clang 1.3 75.17 OK
r-devel-linux-x86_64-fedora-gcc 1.3 71.19 OK
r-devel-windows-ix86+x86_64 1.3 11.00 94.00 105.00 OK
r-patched-linux-x86_64 1.3 3.01 49.72 52.73 OK
r-patched-solaris-x86 1.3 103.80 OK
r-release-linux-x86_64 1.3 3.74 50.29 54.03 OK
r-release-windows-ix86+x86_64 1.3 11.00 64.00 75.00 OK
r-release-osx-x86_64 1.3 OK
r-oldrel-windows-ix86+x86_64 1.2 13.00 63.00 76.00 OK
r-oldrel-osx-x86_64 1.3 ERROR

Check Details

Version: 1.3
Check: whether package can be installed
Result: ERROR
    Installation failed.
Flavor: r-oldrel-osx-x86_64