CRAN Package Check Results for Package StratSel

Last updated on 2018-09-22 06:47:06 CEST.

Flavor Version Tinstall Tcheck Ttotal Status Flags
r-devel-linux-x86_64-debian-clang 1.3 4.86 61.70 66.56 OK
r-devel-linux-x86_64-debian-gcc 1.3 3.72 48.42 52.14 OK
r-devel-linux-x86_64-fedora-clang 1.3 77.38 OK
r-devel-linux-x86_64-fedora-gcc 1.3 74.70 OK
r-devel-windows-ix86+x86_64 1.3 13.00 77.00 90.00 OK
r-patched-linux-x86_64 1.3 3.49 49.74 53.23 OK
r-patched-solaris-x86 1.3 102.70 OK
r-release-linux-x86_64 1.3 3.01 49.46 52.47 OK
r-release-windows-ix86+x86_64 1.3 8.00 91.00 99.00 OK
r-release-osx-x86_64 1.3 OK
r-oldrel-windows-ix86+x86_64 1.2 13.00 63.00 76.00 OK
r-oldrel-osx-x86_64 1.3 ERROR

Check Details

Version: 1.3
Check: whether package can be installed
Result: ERROR
    Installation failed.
Flavor: r-oldrel-osx-x86_64