CRAN Package Check Results for Package Strategy

Last updated on 2020-07-07 07:48:17 CEST.

Flavor Version Tinstall Tcheck Ttotal Status Flags
r-devel-linux-x86_64-debian-clang 1.0.1 8.39 44.28 52.67 NOTE
r-devel-linux-x86_64-debian-gcc 1.0.1 8.04 34.50 42.54 NOTE
r-devel-linux-x86_64-fedora-clang 1.0.1 72.82 NOTE
r-devel-linux-x86_64-fedora-gcc 1.0.1 66.95 NOTE
r-devel-windows-ix86+x86_64 1.0.1 14.00 68.00 82.00 OK
r-patched-linux-x86_64 1.0.1 9.57 44.26 53.83 NOTE
r-patched-solaris-x86 1.0.1 95.10 NOTE
r-release-linux-x86_64 1.0.1 8.28 43.80 52.08 NOTE
r-release-osx-x86_64 1.0.1 OK
r-release-windows-ix86+x86_64 1.0.1 13.00 58.00 71.00 OK
r-oldrel-osx-x86_64 1.0.1 OK
r-oldrel-windows-ix86+x86_64 1.0.1 11.00 75.00 86.00 OK

Check Details

Version: 1.0.1
Check: for non-standard things in the check directory
Result: NOTE
    Found the following files/directories:
     'myNewStrat.R'
Flavors: r-devel-linux-x86_64-debian-clang, r-devel-linux-x86_64-debian-gcc, r-devel-linux-x86_64-fedora-clang, r-devel-linux-x86_64-fedora-gcc, r-patched-linux-x86_64, r-patched-solaris-x86, r-release-linux-x86_64