CRAN Package Check Results for Package Strategy

Last updated on 2019-12-07 08:49:45 CET.

Flavor Version Tinstall Tcheck Ttotal Status Flags
r-devel-linux-x86_64-debian-clang 1.0.1 8.37 47.06 55.43 NOTE
r-devel-linux-x86_64-debian-gcc 1.0.1 7.42 37.07 44.49 NOTE
r-devel-linux-x86_64-fedora-clang 1.0.1 64.83 NOTE
r-devel-linux-x86_64-fedora-gcc 1.0.1 64.70 NOTE
r-devel-windows-ix86+x86_64 1.0.1 12.00 87.00 99.00 OK
r-devel-windows-ix86+x86_64-gcc8 1.0.1 15.00 70.00 85.00 OK
r-patched-linux-x86_64 1.0.1 7.51 43.22 50.73 OK
r-patched-solaris-x86 1.0.1 92.90 OK
r-release-linux-x86_64 1.0.1 7.45 43.17 50.62 OK
r-release-windows-ix86+x86_64 1.0.1 15.00 54.00 69.00 OK
r-release-osx-x86_64 1.0.1 OK
r-oldrel-windows-ix86+x86_64 1.0.1 11.00 84.00 95.00 OK
r-oldrel-osx-x86_64 1.0.1 OK

Check Details

Version: 1.0.1
Check: for non-standard things in the check directory
Result: NOTE
    Found the following files/directories:
     'myNewStrat.R'
Flavors: r-devel-linux-x86_64-debian-clang, r-devel-linux-x86_64-debian-gcc, r-devel-linux-x86_64-fedora-clang, r-devel-linux-x86_64-fedora-gcc