CRAN Package Check Results for Package StratifiedBalancing

Last updated on 2022-01-17 00:48:49 CET.

Flavor Version Tinstall Tcheck Ttotal Status Flags
r-devel-linux-x86_64-debian-clang 0.3.0 3.77 39.24 43.01 OK
r-devel-linux-x86_64-debian-gcc 0.3.0 2.96 32.97 35.93 OK
r-devel-linux-x86_64-fedora-clang 0.3.0 52.29 NOTE
r-devel-linux-x86_64-fedora-gcc 0.3.0 41.49 NOTE
r-devel-windows-x86_64-new-UL 0.3.0 20.00 55.00 75.00 OK
r-devel-windows-x86_64-new-TK 0.3.0 NOTE
r-patched-linux-x86_64 0.3.0 3.78 37.72 41.50 OK
r-release-linux-x86_64 0.3.0 OK
r-release-macos-arm64 0.3.0 NOTE
r-release-macos-x86_64 0.3.0 NOTE
r-release-windows-ix86+x86_64 0.3.0 8.00 51.00 59.00 OK
r-oldrel-macos-x86_64 0.3.0 NOTE
r-oldrel-windows-ix86+x86_64 0.3.0 8.00 47.00 55.00 OK

Check Details

Version: 0.3.0
Check: dependencies in R code
Result: NOTE
    Namespace in Imports field not imported from: ‘bnlearn’
     All declared Imports should be used.
Flavors: r-devel-linux-x86_64-fedora-clang, r-devel-linux-x86_64-fedora-gcc, r-devel-windows-x86_64-new-TK, r-release-macos-arm64, r-release-macos-x86_64, r-oldrel-macos-x86_64