CRAN Package Check Results for Package StratifiedRF

Last updated on 2024-03-04 17:51:07 CET.

Flavor Version Tinstall Tcheck Ttotal Status Flags
r-devel-linux-x86_64-debian-clang 0.2.2 11.18 89.95 101.13 NOTE
r-devel-linux-x86_64-debian-gcc 0.2.2 8.52 67.11 75.63 NOTE
r-devel-linux-x86_64-fedora-clang 0.2.2 121.74 NOTE
r-devel-linux-x86_64-fedora-gcc 0.2.2 118.61 NOTE
r-devel-windows-x86_64 0.2.2 10.00 79.00 89.00 NOTE
r-patched-linux-x86_64 0.2.2 11.84 87.49 99.33 NOTE
r-release-linux-x86_64 0.2.2 12.41 88.26 100.67 NOTE
r-release-macos-arm64 0.2.2 39.00 NOTE
r-release-macos-x86_64 0.2.2 66.00 NOTE
r-release-windows-x86_64 0.2.2 12.00 93.00 105.00 NOTE
r-oldrel-macos-arm64 0.2.2 36.00 NOTE
r-oldrel-windows-x86_64 0.2.2 14.00 96.00 110.00 NOTE

Check Details

Version: 0.2.2
Check: LazyData
Result: NOTE 'LazyData' is specified without a 'data' directory Flavors: r-devel-linux-x86_64-debian-clang, r-devel-linux-x86_64-debian-gcc, r-devel-linux-x86_64-fedora-clang, r-devel-linux-x86_64-fedora-gcc, r-devel-windows-x86_64, r-patched-linux-x86_64, r-release-linux-x86_64, r-release-macos-arm64, r-release-macos-x86_64, r-release-windows-x86_64, r-oldrel-macos-arm64, r-oldrel-windows-x86_64