CRAN Package Check Results for Package String2AdjMatrix

Last updated on 2022-12-07 07:54:43 CET.

Flavor Version Tinstall Tcheck Ttotal Status Flags
r-devel-linux-x86_64-debian-clang 0.1.0 3.37 28.71 32.08 NOTE
r-devel-linux-x86_64-debian-gcc 0.1.0 2.47 22.98 25.45 NOTE
r-devel-linux-x86_64-fedora-clang 0.1.0 40.67 NOTE
r-devel-linux-x86_64-fedora-gcc 0.1.0 48.76 NOTE
r-devel-windows-x86_64 0.1.0 15.00 56.00 71.00 NOTE
r-patched-linux-x86_64 0.1.0 2.47 28.48 30.95 NOTE
r-release-linux-x86_64 0.1.0 2.59 28.08 30.67 NOTE
r-release-macos-arm64 0.1.0 16.00 NOTE
r-release-macos-x86_64 0.1.0 21.00 NOTE
r-release-windows-x86_64 0.1.0 14.00 58.00 72.00 NOTE
r-oldrel-macos-arm64 0.1.0 20.00 NOTE
r-oldrel-macos-x86_64 0.1.0 25.00 NOTE
r-oldrel-windows-ix86+x86_64 0.1.0 5.00 45.00 50.00 NOTE

Check Details

Version: 0.1.0
Check: LazyData
Result: NOTE
     'LazyData' is specified without a 'data' directory
Flavors: r-devel-linux-x86_64-debian-clang, r-devel-linux-x86_64-debian-gcc, r-devel-linux-x86_64-fedora-clang, r-devel-linux-x86_64-fedora-gcc, r-devel-windows-x86_64, r-patched-linux-x86_64, r-release-linux-x86_64, r-release-macos-arm64, r-release-macos-x86_64, r-release-windows-x86_64, r-oldrel-macos-arm64, r-oldrel-macos-x86_64, r-oldrel-windows-ix86+x86_64