CRAN Package Check Results for Package StroupGLMM

Last updated on 2020-02-20 19:48:40 CET.

Flavor Version Tinstall Tcheck Ttotal Status Flags
r-devel-linux-x86_64-debian-clang 0.1.0 15.79 129.06 144.85 OK
r-devel-linux-x86_64-debian-gcc 0.1.0 12.90 102.01 114.91 OK
r-devel-linux-x86_64-fedora-clang 0.1.0 172.42 NOTE
r-devel-linux-x86_64-fedora-gcc 0.1.0 170.86 NOTE
r-devel-windows-ix86+x86_64 0.1.0 38.00 130.00 168.00 OK
r-devel-windows-ix86+x86_64-gcc8 0.1.0 64.00 210.00 274.00 OK
r-patched-linux-x86_64 0.1.0 11.48 107.38 118.86 OK
r-patched-solaris-x86 0.1.0 246.90 NOTE
r-release-linux-x86_64 0.1.0 11.38 108.29 119.67 OK
r-release-windows-ix86+x86_64 0.1.0 30.00 135.00 165.00 OK
r-release-osx-x86_64 0.1.0 NOTE
r-oldrel-windows-ix86+x86_64 0.1.0 16.00 122.00 138.00 OK
r-oldrel-osx-x86_64 0.1.0 NOTE

Check Details

Version: 0.1.0
Check: dependencies in R code
Result: NOTE
    Namespaces in Imports field not imported from:
     ‘broom’ ‘car’ ‘lmerTest’ ‘pbkrtest’
     All declared Imports should be used.
Flavors: r-devel-linux-x86_64-fedora-clang, r-devel-linux-x86_64-fedora-gcc, r-patched-solaris-x86, r-release-osx-x86_64, r-oldrel-osx-x86_64