CRAN Package Check Results for Package StrucDiv

Last updated on 2022-11-29 02:55:14 CET.

Flavor Version Tinstall Tcheck Ttotal Status Flags
r-devel-linux-x86_64-debian-clang 0.1.1 183.49 279.73 463.22 OK
r-devel-linux-x86_64-debian-gcc 0.1.1 156.53 208.16 364.69 OK
r-devel-linux-x86_64-fedora-clang 0.1.1 706.27 OK
r-devel-linux-x86_64-fedora-gcc 0.1.1 654.63 OK
r-devel-windows-x86_64 0.1.1 152.00 295.00 447.00 OK
r-patched-linux-x86_64 0.1.1 167.72 270.21 437.93 OK
r-release-linux-x86_64 0.1.1 162.48 272.14 434.62 OK
r-release-macos-arm64 0.1.1 128.00 NOTE
r-release-macos-x86_64 0.1.1 175.00 OK
r-release-windows-x86_64 0.1.1 151.00 293.00 444.00 OK
r-oldrel-macos-arm64 0.1.1 116.00 NOTE
r-oldrel-macos-x86_64 0.1.1 168.00 OK
r-oldrel-windows-ix86+x86_64 0.1.1 470.00 508.00 978.00 OK

Check Details

Version: 0.1.1
Check: installed package size
Result: NOTE
     installed size is 5.1Mb
     sub-directories of 1Mb or more:
     libs 4.2Mb
Flavors: r-release-macos-arm64, r-oldrel-macos-arm64