CRAN Package Check Results for Package SubVis

Last updated on 2019-09-15 08:47:30 CEST.

Flavor Version Tinstall Tcheck Ttotal Status Flags
r-devel-linux-x86_64-debian-clang 2.0.2 9.97 94.50 104.47 OK
r-devel-linux-x86_64-debian-gcc 2.0.2 9.01 75.48 84.49 OK
r-devel-linux-x86_64-fedora-clang 2.0.2 127.91 OK
r-devel-linux-x86_64-fedora-gcc 2.0.2 128.26 OK
r-devel-windows-ix86+x86_64 2.0.2 33.00 95.00 128.00 OK
r-patched-linux-x86_64 2.0.2 9.22 92.51 101.73 OK
r-patched-solaris-x86 2.0.2 195.50 OK
r-release-linux-x86_64 2.0.2 9.75 89.89 99.64 OK
r-release-windows-ix86+x86_64 2.0.2 24.00 92.00 116.00 OK
r-release-osx-x86_64 2.0.2 ERROR
r-oldrel-windows-ix86+x86_64 2.0.2 18.00 98.00 116.00 OK
r-oldrel-osx-x86_64 2.0.2 OK

Check Details

Version: 2.0.2
Check: package dependencies
Result: ERROR
    Package required but not available: ‘Biostrings’
    
    See section ‘The DESCRIPTION file’ in the ‘Writing R Extensions’
    manual.
Flavor: r-release-osx-x86_64