CRAN Package Check Results for Package SubVis

Last updated on 2020-01-27 02:47:35 CET.

Flavor Version Tinstall Tcheck Ttotal Status Flags
r-devel-linux-x86_64-debian-clang 2.0.2 12.02 112.50 124.52 OK
r-devel-linux-x86_64-debian-gcc 2.0.2 11.84 84.12 95.96 OK
r-devel-linux-x86_64-fedora-clang 2.0.2 146.74 OK
r-devel-linux-x86_64-fedora-gcc 2.0.2 153.10 OK
r-devel-windows-ix86+x86_64 2.0.2 25.00 153.00 178.00 OK
r-devel-windows-ix86+x86_64-gcc8 2.0.2 36.00 145.00 181.00 OK
r-patched-linux-x86_64 2.0.2 9.97 94.50 104.47 OK
r-patched-solaris-x86 2.0.2 207.50 OK
r-release-linux-x86_64 2.0.2 10.44 93.62 104.06 OK
r-release-windows-ix86+x86_64 2.0.2 22.00 102.00 124.00 OK
r-release-osx-x86_64 2.0.2 WARN
r-oldrel-windows-ix86+x86_64 2.0.2 13.00 95.00 108.00 OK
r-oldrel-osx-x86_64 2.0.2 OK

Check Details

Version: 2.0.2
Check: whether package can be installed
Result: WARN
    Found the following significant warnings:
     Warning: package ‘S4Vectors’ was built under R version 3.6.1
     Warning: package ‘IRanges’ was built under R version 3.6.1
Flavor: r-release-osx-x86_64