CRAN Package Check Results for Package SubpathwayGMir

Last updated on 2018-05-24 10:48:38 CEST.

Flavor Version Tinstall Tcheck Ttotal Status Flags
r-devel-linux-x86_64-debian-clang 1.0 7.36 128.07 135.43 NOTE
r-devel-linux-x86_64-debian-gcc 1.0 6.44 109.24 115.68 NOTE
r-devel-linux-x86_64-fedora-clang 1.0 176.13 NOTE
r-devel-linux-x86_64-fedora-gcc 1.0 165.95 NOTE
r-devel-windows-ix86+x86_64 1.0 12.00 185.00 197.00 NOTE
r-patched-linux-x86_64 1.0 7.07 129.79 136.86 NOTE
r-patched-solaris-x86 1.0 307.00 NOTE
r-release-linux-x86_64 1.0 7.93 126.16 134.09 NOTE
r-release-windows-ix86+x86_64 1.0 14.00 162.00 176.00 NOTE
r-release-osx-x86_64 1.0 NOTE
r-oldrel-windows-ix86+x86_64 1.0 15.00 148.00 163.00 NOTE
r-oldrel-osx-x86_64 1.0 NOTE

Check Details

Version: 1.0
Check: R code for possible problems
Result: NOTE
    identifyGraph: no visible global function definition for ‘phyper’
    mytriangle: no visible global function definition for ‘symbols’
    plotGraph: no visible global function definition for ‘par’
    plotGraph: no visible global function definition for ‘plot’
    updateOrgEnvir: no visible global function definition for ‘read.table’
    Undefined global functions or variables:
     par phyper plot read.table symbols
    Consider adding
     importFrom("graphics", "par", "plot", "symbols")
     importFrom("stats", "phyper")
     importFrom("utils", "read.table")
    to your NAMESPACE file.
Flavors: r-devel-linux-x86_64-debian-clang, r-devel-linux-x86_64-debian-gcc, r-devel-linux-x86_64-fedora-clang, r-devel-linux-x86_64-fedora-gcc, r-devel-windows-ix86+x86_64, r-patched-linux-x86_64, r-patched-solaris-x86, r-release-linux-x86_64, r-release-windows-ix86+x86_64, r-release-osx-x86_64, r-oldrel-windows-ix86+x86_64, r-oldrel-osx-x86_64