CRAN Package Check Results for Package SubpathwayGMir

Last updated on 2018-02-21 07:47:55 CET.

Flavor Version Tinstall Tcheck Ttotal Status Flags
r-devel-linux-x86_64-debian-clang 1.0 6.69 130.58 137.27 NOTE
r-devel-linux-x86_64-debian-gcc 1.0 6.74 106.55 113.29 NOTE
r-devel-linux-x86_64-fedora-clang 1.0 175.74 NOTE
r-devel-linux-x86_64-fedora-gcc 1.0 166.18 NOTE
r-devel-windows-ix86+x86_64 1.0 11.00 139.00 150.00 NOTE
r-patched-linux-x86_64 1.0 6.80 134.24 141.04 NOTE
r-patched-solaris-x86 1.0 262.90 NOTE
r-release-linux-x86_64 1.0 6.97 132.78 139.75 NOTE
r-release-windows-ix86+x86_64 1.0 15.00 190.00 205.00 NOTE
r-release-osx-x86_64 1.0 NOTE
r-oldrel-windows-ix86+x86_64 1.0 13.00 179.00 192.00 NOTE
r-oldrel-osx-x86_64 1.0 NOTE

Check Details

Version: 1.0
Check: R code for possible problems
Result: NOTE
    identifyGraph: no visible global function definition for ‘phyper’
    mytriangle: no visible global function definition for ‘symbols’
    plotGraph: no visible global function definition for ‘par’
    plotGraph: no visible global function definition for ‘plot’
    updateOrgEnvir: no visible global function definition for ‘read.table’
    Undefined global functions or variables:
     par phyper plot read.table symbols
    Consider adding
     importFrom("graphics", "par", "plot", "symbols")
     importFrom("stats", "phyper")
     importFrom("utils", "read.table")
    to your NAMESPACE file.
Flavors: r-devel-linux-x86_64-debian-clang, r-devel-linux-x86_64-debian-gcc, r-devel-linux-x86_64-fedora-clang, r-devel-linux-x86_64-fedora-gcc, r-devel-windows-ix86+x86_64, r-patched-linux-x86_64, r-patched-solaris-x86, r-release-linux-x86_64, r-release-windows-ix86+x86_64, r-release-osx-x86_64, r-oldrel-windows-ix86+x86_64, r-oldrel-osx-x86_64