CRAN Package Check Results for Package SubpathwayGMir

Last updated on 2019-02-21 01:51:03 CET.

Flavor Version Tinstall Tcheck Ttotal Status Flags
r-devel-linux-x86_64-debian-clang 1.0 8.37 136.00 144.37 NOTE
r-devel-linux-x86_64-debian-gcc 1.0 7.51 105.05 112.56 NOTE
r-devel-linux-x86_64-fedora-clang 1.0 179.25 NOTE
r-devel-linux-x86_64-fedora-gcc 1.0 165.83 NOTE
r-devel-windows-ix86+x86_64 1.0 18.00 191.00 209.00 NOTE
r-patched-linux-x86_64 1.0 NOTE
r-patched-solaris-x86 1.0 293.20 NOTE
r-release-linux-x86_64 1.0 NOTE
r-release-windows-ix86+x86_64 1.0 12.00 191.00 203.00 NOTE
r-release-osx-x86_64 1.0 NOTE
r-oldrel-windows-ix86+x86_64 1.0 11.00 207.00 218.00 NOTE
r-oldrel-osx-x86_64 1.0 NOTE

Check Details

Version: 1.0
Check: R code for possible problems
Result: NOTE
    identifyGraph: no visible global function definition for ‘phyper’
    mytriangle: no visible global function definition for ‘symbols’
    plotGraph: no visible global function definition for ‘par’
    plotGraph: no visible global function definition for ‘plot’
    updateOrgEnvir: no visible global function definition for ‘read.table’
    Undefined global functions or variables:
     par phyper plot read.table symbols
    Consider adding
     importFrom("graphics", "par", "plot", "symbols")
     importFrom("stats", "phyper")
     importFrom("utils", "read.table")
    to your NAMESPACE file.
Flavors: r-devel-linux-x86_64-debian-clang, r-devel-linux-x86_64-debian-gcc, r-devel-linux-x86_64-fedora-clang, r-devel-linux-x86_64-fedora-gcc, r-devel-windows-ix86+x86_64, r-patched-linux-x86_64, r-patched-solaris-x86, r-release-linux-x86_64, r-release-windows-ix86+x86_64, r-release-osx-x86_64, r-oldrel-windows-ix86+x86_64, r-oldrel-osx-x86_64