CRAN Package Check Results for Package SubpathwayGMir

Last updated on 2018-08-19 11:48:10 CEST.

Flavor Version Tinstall Tcheck Ttotal Status Flags
r-devel-linux-x86_64-debian-clang 1.0 8.82 130.13 138.95 NOTE
r-devel-linux-x86_64-debian-gcc 1.0 6.95 107.55 114.50 NOTE
r-devel-linux-x86_64-fedora-clang 1.0 168.56 NOTE
r-devel-linux-x86_64-fedora-gcc 1.0 166.51 NOTE
r-devel-windows-ix86+x86_64 1.0 14.00 156.00 170.00 NOTE
r-patched-linux-x86_64 1.0 5.73 127.06 132.79 NOTE
r-patched-solaris-x86 1.0 300.60 NOTE
r-release-linux-x86_64 1.0 7.05 127.83 134.88 NOTE
r-release-windows-ix86+x86_64 1.0 14.00 188.00 202.00 NOTE
r-release-osx-x86_64 1.0 NOTE
r-oldrel-windows-ix86+x86_64 1.0 11.00 157.00 168.00 NOTE
r-oldrel-osx-x86_64 1.0 NOTE

Check Details

Version: 1.0
Check: R code for possible problems
Result: NOTE
    identifyGraph: no visible global function definition for ‘phyper’
    mytriangle: no visible global function definition for ‘symbols’
    plotGraph: no visible global function definition for ‘par’
    plotGraph: no visible global function definition for ‘plot’
    updateOrgEnvir: no visible global function definition for ‘read.table’
    Undefined global functions or variables:
     par phyper plot read.table symbols
    Consider adding
     importFrom("graphics", "par", "plot", "symbols")
     importFrom("stats", "phyper")
     importFrom("utils", "read.table")
    to your NAMESPACE file.
Flavors: r-devel-linux-x86_64-debian-clang, r-devel-linux-x86_64-debian-gcc, r-devel-linux-x86_64-fedora-clang, r-devel-linux-x86_64-fedora-gcc, r-devel-windows-ix86+x86_64, r-patched-linux-x86_64, r-patched-solaris-x86, r-release-linux-x86_64, r-release-windows-ix86+x86_64, r-release-osx-x86_64, r-oldrel-windows-ix86+x86_64, r-oldrel-osx-x86_64