CRAN Package Check Results for Package SubpathwayGMir

Last updated on 2018-11-18 14:46:53 CET.

Flavor Version Tinstall Tcheck Ttotal Status Flags
r-devel-linux-x86_64-debian-clang 1.0 6.95 133.44 140.39 NOTE
r-devel-linux-x86_64-debian-gcc 1.0 5.74 107.58 113.32 NOTE
r-devel-linux-x86_64-fedora-clang 1.0 170.25 NOTE
r-devel-linux-x86_64-fedora-gcc 1.0 165.65 NOTE
r-devel-windows-ix86+x86_64 1.0 14.00 191.00 205.00 NOTE
r-patched-linux-x86_64 1.0 7.72 126.80 134.52 NOTE
r-patched-solaris-x86 1.0 298.20 NOTE
r-release-linux-x86_64 1.0 8.23 127.33 135.56 NOTE
r-release-windows-ix86+x86_64 1.0 14.00 190.00 204.00 NOTE
r-release-osx-x86_64 1.0 NOTE
r-oldrel-windows-ix86+x86_64 1.0 16.00 195.00 211.00 NOTE
r-oldrel-osx-x86_64 1.0 NOTE

Check Details

Version: 1.0
Check: R code for possible problems
Result: NOTE
    identifyGraph: no visible global function definition for ‘phyper’
    mytriangle: no visible global function definition for ‘symbols’
    plotGraph: no visible global function definition for ‘par’
    plotGraph: no visible global function definition for ‘plot’
    updateOrgEnvir: no visible global function definition for ‘read.table’
    Undefined global functions or variables:
     par phyper plot read.table symbols
    Consider adding
     importFrom("graphics", "par", "plot", "symbols")
     importFrom("stats", "phyper")
     importFrom("utils", "read.table")
    to your NAMESPACE file.
Flavors: r-devel-linux-x86_64-debian-clang, r-devel-linux-x86_64-debian-gcc, r-devel-linux-x86_64-fedora-clang, r-devel-linux-x86_64-fedora-gcc, r-devel-windows-ix86+x86_64, r-patched-linux-x86_64, r-patched-solaris-x86, r-release-linux-x86_64, r-release-windows-ix86+x86_64, r-release-osx-x86_64, r-oldrel-windows-ix86+x86_64, r-oldrel-osx-x86_64