CRAN Package Check Results for Package Sunder

Last updated on 2018-09-22 04:52:30 CEST.

Flavor Version Tinstall Tcheck Ttotal Status Flags
r-devel-linux-x86_64-debian-clang 0.0.4 2.26 21.02 23.28 NOTE
r-devel-linux-x86_64-debian-gcc 0.0.4 2.01 16.82 18.83 NOTE
r-devel-linux-x86_64-fedora-clang 0.0.4 28.77 NOTE
r-devel-linux-x86_64-fedora-gcc 0.0.4 27.38 NOTE
r-devel-windows-ix86+x86_64 0.0.4 9.00 40.00 49.00 NOTE
r-patched-linux-x86_64 0.0.4 2.26 19.50 21.76 NOTE
r-patched-solaris-x86 0.0.4 42.30 NOTE
r-release-linux-x86_64 0.0.4 2.61 19.74 22.35 NOTE
r-release-windows-ix86+x86_64 0.0.4 12.00 36.00 48.00 NOTE
r-release-osx-x86_64 0.0.4 NOTE
r-oldrel-windows-ix86+x86_64 0.0.4 8.00 35.00 43.00 NOTE
r-oldrel-osx-x86_64 0.0.4 NOTE

Check Details

Version: 0.0.4
Check: DESCRIPTION meta-information
Result: NOTE
    Malformed Description field: should contain one or more complete sentences.
Flavors: r-devel-linux-x86_64-debian-clang, r-devel-linux-x86_64-debian-gcc, r-devel-linux-x86_64-fedora-clang, r-devel-linux-x86_64-fedora-gcc, r-devel-windows-ix86+x86_64, r-patched-linux-x86_64, r-patched-solaris-x86, r-release-linux-x86_64, r-release-windows-ix86+x86_64, r-release-osx-x86_64, r-oldrel-windows-ix86+x86_64, r-oldrel-osx-x86_64

Version: 0.0.4
Check: R code for possible problems
Result: NOTE
    MCMCCV: no visible global function definition for ‘rnorm’
    MLCVGauss: no visible global function definition for ‘runif’
    MLCVGauss: no visible global function definition for ‘optim’
    SimSunderData: no visible global function definition for ‘runif’
    SimSunderData: no visible global function definition for ‘dist’
    SimSunderData: no visible global function definition for ‘rnorm’
    SimSunderData: no visible global function definition for ‘qgamma’
    SimSunderData: no visible global function definition for ‘pnorm’
    SimSunderData: no visible global function definition for ‘rmultinom’
    Undefined global functions or variables:
     dist optim pnorm qgamma rmultinom rnorm runif
    Consider adding
     importFrom("stats", "dist", "optim", "pnorm", "qgamma", "rmultinom",
     "rnorm", "runif")
    to your NAMESPACE file.
Flavors: r-devel-linux-x86_64-debian-clang, r-devel-linux-x86_64-debian-gcc, r-devel-linux-x86_64-fedora-clang, r-devel-linux-x86_64-fedora-gcc, r-devel-windows-ix86+x86_64, r-patched-linux-x86_64, r-patched-solaris-x86, r-release-linux-x86_64, r-release-windows-ix86+x86_64, r-release-osx-x86_64, r-oldrel-windows-ix86+x86_64, r-oldrel-osx-x86_64

Version: 0.0.4
Check: compiled code
Result: NOTE
    File ‘Sunder/libs/Sunder.so’:
     Found no calls to: ‘R_registerRoutines’, ‘R_useDynamicSymbols’
    
    It is good practice to register native routines and to disable symbol
    search.
    
    See ‘Writing portable packages’ in the ‘Writing R Extensions’ manual.
Flavors: r-devel-linux-x86_64-fedora-clang, r-devel-linux-x86_64-fedora-gcc