Last updated on 2022-05-17 04:50:45 CEST.
Flavor | Version | Tinstall | Tcheck | Ttotal | Status | Flags |
---|---|---|---|---|---|---|
r-devel-linux-x86_64-debian-clang | 0.1.2 | 24.34 | 90.58 | 114.92 | OK | |
r-devel-linux-x86_64-debian-gcc | 0.1.2 | 20.13 | 66.69 | 86.82 | OK | |
r-devel-linux-x86_64-fedora-clang | 0.1.2 | 136.78 | NOTE | |||
r-devel-linux-x86_64-fedora-gcc | 0.1.2 | 135.09 | NOTE | |||
r-devel-windows-x86_64 | 0.1.2 | 35.00 | 117.00 | 152.00 | OK | |
r-patched-linux-x86_64 | 0.1.2 | 25.27 | 86.09 | 111.36 | OK | |
r-release-linux-x86_64 | 0.1.2 | 21.44 | 84.49 | 105.93 | OK | |
r-release-macos-arm64 | 0.1.2 | 54.00 | NOTE | |||
r-release-macos-x86_64 | 0.1.2 | 79.00 | NOTE | |||
r-release-windows-x86_64 | 0.1.2 | 34.00 | 118.00 | 152.00 | OK | |
r-oldrel-macos-arm64 | 0.1.2 | 78.00 | NOTE | |||
r-oldrel-macos-x86_64 | 0.1.2 | 87.00 | NOTE | |||
r-oldrel-windows-ix86+x86_64 | 0.1.2 | 40.00 | 101.00 | 141.00 | OK |
Version: 0.1.2
Check: dependencies in R code
Result: NOTE
Namespace in Imports field not imported from: ‘data.table’
All declared Imports should be used.
Flavors: r-devel-linux-x86_64-fedora-clang, r-devel-linux-x86_64-fedora-gcc, r-release-macos-arm64, r-release-macos-x86_64, r-oldrel-macos-arm64, r-oldrel-macos-x86_64