CRAN Package Check Results for Package SuperLearner

Last updated on 2018-02-22 06:48:50 CET.

Flavor Version Tinstall Tcheck Ttotal Status Flags
r-devel-linux-x86_64-debian-clang 2.0-22 4.74 489.36 494.10 OK
r-devel-linux-x86_64-debian-gcc 2.0-22 3.36 421.70 425.06 OK
r-devel-linux-x86_64-fedora-clang 2.0-22 630.70 NOTE
r-devel-linux-x86_64-fedora-gcc 2.0-22 612.56 NOTE
r-devel-windows-ix86+x86_64 2.0-22 10.00 680.00 690.00 OK
r-patched-linux-x86_64 2.0-22 1.59 531.71 533.30 OK
r-patched-solaris-x86 2.0-22 1149.00 OK
r-release-linux-x86_64 2.0-22 1.61 520.57 522.18 OK
r-release-windows-ix86+x86_64 2.0-22 6.00 818.00 824.00 OK
r-release-osx-x86_64 2.0-22 NOTE
r-oldrel-windows-ix86+x86_64 2.0-22 4.00 701.00 705.00 OK
r-oldrel-osx-x86_64 2.0-22 OK

Check Details

Version: 2.0-22
Check: package dependencies
Result: NOTE
    Packages suggested but not available for checking: ‘genefilter’ ‘sva’
Flavors: r-devel-linux-x86_64-fedora-clang, r-devel-linux-x86_64-fedora-gcc, r-release-osx-x86_64