Last updated on 2021-03-04 10:49:47 CET.
Flavor | Version | Tinstall | Tcheck | Ttotal | Status | Flags |
---|---|---|---|---|---|---|
r-devel-linux-x86_64-debian-clang | 2.0-26 | 8.30 | 494.10 | 502.40 | NOTE | |
r-devel-linux-x86_64-debian-gcc | 2.0-26 | 5.38 | 366.45 | 371.83 | NOTE | |
r-devel-linux-x86_64-fedora-clang | 2.0-26 | 578.70 | NOTE | |||
r-devel-linux-x86_64-fedora-gcc | 2.0-26 | 580.92 | NOTE | |||
r-devel-windows-ix86+x86_64 | 2.0-26 | 12.00 | 584.00 | 596.00 | NOTE | |
r-patched-linux-x86_64 | 2.0-26 | 7.22 | 474.48 | 481.70 | NOTE | |
r-patched-solaris-x86 | 2.0-26 | 1045.70 | NOTE | |||
r-release-linux-x86_64 | 2.0-26 | 6.66 | 463.23 | 469.89 | NOTE | |
r-release-macos-x86_64 | 2.0-26 | NOTE | ||||
r-release-windows-ix86+x86_64 | 2.0-26 | 8.00 | 445.00 | 453.00 | NOTE | |
r-oldrel-macos-x86_64 | 2.0-26 | NOTE | ||||
r-oldrel-windows-ix86+x86_64 | 2.0-26 | 10.00 | 581.00 | 591.00 | NOTE |
Version: 2.0-26
Check: dependencies in R code
Result: NOTE
'library' or 'require' call to 'gam' in package code.
Please use :: or requireNamespace() instead.
See section 'Suggested packages' in the 'Writing R Extensions' manual.
Flavors: r-devel-linux-x86_64-debian-clang, r-devel-linux-x86_64-debian-gcc, r-devel-linux-x86_64-fedora-clang, r-devel-linux-x86_64-fedora-gcc, r-devel-windows-ix86+x86_64, r-patched-linux-x86_64, r-patched-solaris-x86, r-release-linux-x86_64, r-release-macos-x86_64, r-release-windows-ix86+x86_64, r-oldrel-macos-x86_64, r-oldrel-windows-ix86+x86_64