CRAN Package Check Results for Package SurfaceTortoise

Last updated on 2021-05-06 23:49:48 CEST.

Flavor Version Tinstall Tcheck Ttotal Status Flags
r-devel-linux-x86_64-debian-clang 1.0.2 10.24 89.95 100.19 NOTE
r-devel-linux-x86_64-debian-gcc 1.0.2 8.31 69.82 78.13 NOTE
r-devel-linux-x86_64-fedora-clang 1.0.2 128.83 NOTE
r-devel-linux-x86_64-fedora-gcc 1.0.2 120.64 NOTE
r-devel-windows-ix86+x86_64 1.0.2 18.00 104.00 122.00 NOTE
r-devel-windows-x86_64-gcc10-UCRT 1.0.2 NOTE
r-patched-linux-x86_64 1.0.2 9.92 88.77 98.69 NOTE
r-patched-solaris-x86 1.0.2 180.90 OK
r-release-linux-x86_64 1.0.2 10.90 85.47 96.37 OK
r-release-macos-x86_64 1.0.2 OK
r-release-windows-ix86+x86_64 1.0.2 15.00 85.00 100.00 OK
r-oldrel-macos-x86_64 1.0.2 OK
r-oldrel-windows-ix86+x86_64 1.0.2 20.00 10.00 30.00 ERROR

Check Details

Version: 1.0.2
Check: LazyData
Result: NOTE
     'LazyData' is specified without a 'data' directory
Flavors: r-devel-linux-x86_64-debian-clang, r-devel-linux-x86_64-debian-gcc, r-devel-linux-x86_64-fedora-clang, r-devel-linux-x86_64-fedora-gcc, r-devel-windows-ix86+x86_64, r-devel-windows-x86_64-gcc10-UCRT, r-patched-linux-x86_64

Version: 1.0.2
Check: whether package can be installed
Result: ERROR
    
    *
Flavor: r-oldrel-windows-ix86+x86_64