Last updated on 2022-08-13 07:11:47 CEST.
Flavor | Version | Tinstall | Tcheck | Ttotal | Status | Flags |
---|---|---|---|---|---|---|
r-devel-linux-x86_64-debian-clang | 2.3 | 40.23 | 275.06 | 315.29 | NOTE | |
r-devel-linux-x86_64-debian-gcc | 2.3 | 31.92 | 200.34 | 232.26 | NOTE | |
r-devel-linux-x86_64-fedora-clang | 2.3 | 372.54 | NOTE | |||
r-devel-linux-x86_64-fedora-gcc | 2.3 | 369.62 | NOTE | |||
r-devel-windows-x86_64 | 2.3 | 110.00 | 277.00 | 387.00 | OK | |
r-patched-linux-x86_64 | 2.3 | 52.22 | 256.02 | 308.24 | OK | |
r-release-linux-x86_64 | 2.3 | 39.58 | 254.16 | 293.74 | OK | |
r-release-macos-arm64 | 2.3 | 83.00 | NOTE | |||
r-release-macos-x86_64 | 2.3 | 117.00 | NOTE | |||
r-release-windows-x86_64 | 2.3 | 115.00 | 273.00 | 388.00 | OK | |
r-oldrel-macos-arm64 | 2.3 | 82.00 | NOTE | |||
r-oldrel-macos-x86_64 | 2.3 | 113.00 | NOTE | |||
r-oldrel-windows-ix86+x86_64 | 2.3 | 72.00 | 311.00 | 383.00 | OK |
Version: 2.3
Check: HTML version of manual
Result: NOTE
Found the following math rendering problems:
SurvSurv.Rd:34: Undefined control sequence: \eqn in I(T,S)=\eqn{1}{n}G^2
Flavors: r-devel-linux-x86_64-debian-clang, r-devel-linux-x86_64-debian-gcc
Version: 2.3
Check: dependencies in R code
Result: NOTE
Namespaces in Imports field not imported from:
‘mixtools’ ‘parallel’ ‘rootSolve’
All declared Imports should be used.
Flavors: r-devel-linux-x86_64-fedora-clang, r-devel-linux-x86_64-fedora-gcc, r-release-macos-arm64, r-release-macos-x86_64, r-oldrel-macos-arm64, r-oldrel-macos-x86_64