CRAN Package Check Results for Package SurvRank

Last updated on 2018-05-25 17:50:57 CEST.

Flavor Version Tinstall Tcheck Ttotal Status Flags
r-devel-linux-x86_64-debian-clang 0.1 6.34 72.93 79.27 ERROR
r-devel-linux-x86_64-debian-gcc 0.1 5.70 57.21 62.91 ERROR
r-devel-linux-x86_64-fedora-clang 0.1 100.75 OK
r-devel-linux-x86_64-fedora-gcc 0.1 95.41 OK
r-devel-windows-ix86+x86_64 0.1 10.00 101.00 111.00 OK
r-patched-linux-x86_64 0.1 5.82 62.27 68.09 ERROR
r-patched-solaris-x86 0.1 176.80 OK
r-release-linux-x86_64 0.1 5.03 61.75 66.78 ERROR
r-release-windows-ix86+x86_64 0.1 14.00 130.00 144.00 OK
r-release-osx-x86_64 0.1 OK
r-oldrel-windows-ix86+x86_64 0.1 13.00 96.00 109.00 OK
r-oldrel-osx-x86_64 0.1 OK

Check Details

Version: 0.1
Check: examples
Result: ERROR
    Running examples in ‘SurvRank-Ex.R’ failed
    The error most likely occurred in:
    
    > base::assign(".ptime", proc.time(), pos = "CheckExEnv")
    > ### Name: CVrankSurv_fct
    > ### Title: Main function of SurvRank.
    > ### Aliases: CVrankSurv_fct
    > ### Keywords: SurvRank
    >
    > ### ** Examples
    >
    > ## Simulating a survival data set
    > N=100; p=10; n=4
    > x=data.frame(matrix(rnorm(N*p),nrow=N,p))
    > beta=rnorm(n)
    > mx=matrix(rnorm(N*n),N,n)
    > fx=mx[,seq(n)]%*%beta/3
    > hx=exp(fx)
    > ty=rexp(N,hx)
    > tcens=1-rbinom(n=N,prob=.3,size=1)
    > y=Surv(ty,tcens)
    > data=list()
    > data$x<-x; data$y<-y
    > ## Ranking the features according to their significance in the univariate cox models
    > out.cox<-CVrankSurv_fct(data,2,3,3,fs.method="cox.rank")
    
     |
     |============== | 20%Error in output[[i]][[3]] : subscript out of bounds
    Calls: CVrankSurv_fct
    Execution halted
Flavors: r-devel-linux-x86_64-debian-clang, r-devel-linux-x86_64-debian-gcc, r-patched-linux-x86_64, r-release-linux-x86_64