CRAN Package Check Results for Package SurvTrunc

Last updated on 2024-03-02 14:48:37 CET.

Flavor Version Tinstall Tcheck Ttotal Status Flags
r-devel-linux-x86_64-debian-clang 0.2.0 9.68 70.71 80.39 NOTE
r-devel-linux-x86_64-debian-gcc 0.2.0 7.04 53.30 60.34 NOTE
r-devel-linux-x86_64-fedora-clang 0.2.0 95.75 NOTE
r-devel-linux-x86_64-fedora-gcc 0.2.0 100.03 NOTE
r-devel-windows-x86_64 0.2.0 7.00 73.00 80.00 OK
r-patched-linux-x86_64 0.2.0 9.60 71.08 80.68 OK
r-release-linux-x86_64 0.2.0 6.26 69.44 75.70 OK
r-release-macos-arm64 0.2.0 34.00 OK
r-release-macos-x86_64 0.2.0 50.00 OK
r-release-windows-x86_64 0.2.0 10.00 77.00 87.00 OK
r-oldrel-macos-arm64 0.2.0 32.00 OK
r-oldrel-windows-x86_64 0.2.0 11.00 84.00 95.00 OK

Check Details

Version: 0.2.0
Check: Rd files
Result: NOTE checkRd: (-1) coxDT.Rd:76: Lost braces; missing escapes or markup? 76 | The estimation procedure here is performed using coxph {survival} and inserting these estimated | ^ Flavors: r-devel-linux-x86_64-debian-clang, r-devel-linux-x86_64-debian-gcc, r-devel-linux-x86_64-fedora-clang, r-devel-linux-x86_64-fedora-gcc