CRAN Package Check Results for Package SwarmSVM

Last updated on 2018-02-21 00:47:12 CET.

Flavor Version Tinstall Tcheck Ttotal Status Flags
r-devel-linux-x86_64-debian-clang 0.1-2 12.34 186.13 198.47 NOTE
r-devel-linux-x86_64-debian-gcc 0.1-2 9.20 140.30 149.50 NOTE
r-devel-linux-x86_64-fedora-clang 0.1-2 238.42 NOTE
r-devel-linux-x86_64-fedora-gcc 0.1-2 234.05 NOTE
r-devel-windows-ix86+x86_64 0.1-2 17.00 315.00 332.00 OK
r-patched-linux-x86_64 0.1-2 8.48 206.22 214.70 NOTE
r-patched-solaris-x86 0.1-2 415.70 OK
r-release-linux-x86_64 0.1-2 7.55 204.16 211.71 NOTE
r-release-windows-ix86+x86_64 0.1-2 24.00 449.00 473.00 OK
r-release-osx-x86_64 0.1-2 OK
r-oldrel-windows-ix86+x86_64 0.1-2 21.00 468.00 489.00 OK
r-oldrel-osx-x86_64 0.1-2 OK

Check Details

Version: 0.1-2
Check: compiled code
Result: NOTE
    File ‘SwarmSVM/libs/SwarmSVM.so’:
     Found no calls to: ‘R_registerRoutines’, ‘R_useDynamicSymbols’
    
    It is good practice to register native routines and to disable symbol
    search.
    
    See ‘Writing portable packages’ in the ‘Writing R Extensions’ manual.
Flavors: r-devel-linux-x86_64-debian-clang, r-devel-linux-x86_64-debian-gcc, r-devel-linux-x86_64-fedora-clang, r-devel-linux-x86_64-fedora-gcc, r-patched-linux-x86_64, r-release-linux-x86_64