CRAN Package Check Results for Package SymbolicDeterminants

Last updated on 2021-05-08 05:57:24 CEST.

Flavor Version Tinstall Tcheck Ttotal Status Flags
r-devel-linux-x86_64-debian-clang 2.0.0 3.47 33.54 37.01 NOTE
r-devel-linux-x86_64-debian-gcc 2.0.0 2.64 25.67 28.31 NOTE
r-devel-linux-x86_64-fedora-clang 2.0.0 54.07 NOTE
r-devel-linux-x86_64-fedora-gcc 2.0.0 44.09 NOTE
r-devel-windows-ix86+x86_64 2.0.0 5.00 48.00 53.00 NOTE
r-devel-windows-x86_64-gcc10-UCRT 2.0.0 NOTE
r-patched-linux-x86_64 2.0.0 3.20 32.52 35.72 NOTE
r-patched-solaris-x86 2.0.0 63.90 OK
r-release-linux-x86_64 2.0.0 3.42 32.18 35.60 OK
r-release-macos-x86_64 2.0.0 OK
r-release-windows-ix86+x86_64 2.0.0 5.00 38.00 43.00 OK
r-oldrel-macos-x86_64 2.0.0 OK
r-oldrel-windows-ix86+x86_64 2.0.0 6.00 50.00 56.00 OK

Check Details

Version: 2.0.0
Check: LazyData
Result: NOTE
     'LazyData' is specified without a 'data' directory
Flavors: r-devel-linux-x86_64-debian-clang, r-devel-linux-x86_64-debian-gcc, r-devel-linux-x86_64-fedora-clang, r-devel-linux-x86_64-fedora-gcc, r-devel-windows-ix86+x86_64, r-devel-windows-x86_64-gcc10-UCRT, r-patched-linux-x86_64