Last updated on 2019-12-14 16:46:50 CET.
Flavor | Version | Tinstall | Tcheck | Ttotal | Status | Flags |
---|---|---|---|---|---|---|
r-devel-linux-x86_64-debian-clang | 1.0.0 | 2.95 | 29.70 | 32.65 | OK | |
r-devel-linux-x86_64-debian-gcc | 1.0.0 | 2.24 | 23.39 | 25.63 | OK | |
r-devel-linux-x86_64-fedora-clang | 1.0.0 | 39.74 | NOTE | |||
r-devel-linux-x86_64-fedora-gcc | 1.0.0 | 39.36 | NOTE | |||
r-devel-windows-ix86+x86_64 | 1.0.0 | 8.00 | 63.00 | 71.00 | OK | |
r-devel-windows-ix86+x86_64-gcc8 | 1.0.0 | 6.00 | 71.00 | 77.00 | OK | |
r-patched-linux-x86_64 | 1.0.0 | 2.46 | 27.60 | 30.06 | OK | |
r-patched-solaris-x86 | 1.0.0 | 59.00 | NOTE | |||
r-release-linux-x86_64 | 1.0.0 | 2.52 | 27.97 | 30.49 | OK | |
r-release-windows-ix86+x86_64 | 1.0.0 | 5.00 | 41.00 | 46.00 | OK | |
r-release-osx-x86_64 | 1.0.0 | NOTE | ||||
r-oldrel-windows-ix86+x86_64 | 1.0.0 | 4.00 | 39.00 | 43.00 | OK | |
r-oldrel-osx-x86_64 | 1.0.0 | NOTE |
Version: 1.0.0
Check: dependencies in R code
Result: NOTE
Namespace in Imports field not imported from: ‘utils’
All declared Imports should be used.
Flavors: r-devel-linux-x86_64-fedora-clang, r-devel-linux-x86_64-fedora-gcc, r-patched-solaris-x86, r-release-osx-x86_64, r-oldrel-osx-x86_64