CRAN Package Check Results for Package TAG

Last updated on 2024-02-27 06:50:46 CET.

Flavor Version Tinstall Tcheck Ttotal Status Flags
r-devel-linux-x86_64-debian-clang 0.5.1 36.32 91.36 127.68 NOTE
r-devel-linux-x86_64-debian-gcc 0.5.1 27.78 69.82 97.60 NOTE
r-devel-linux-x86_64-fedora-clang 0.5.1 173.11 NOTE
r-devel-linux-x86_64-fedora-gcc 0.5.1 163.15 NOTE
r-devel-windows-x86_64 0.5.1 31.00 100.00 131.00 NOTE
r-patched-linux-x86_64 0.5.1 36.37 90.79 127.16 NOTE
r-release-linux-x86_64 0.5.1 37.20 90.23 127.43 NOTE
r-release-macos-arm64 0.5.1 51.00 NOTE
r-release-macos-x86_64 0.5.1 79.00 NOTE
r-release-windows-x86_64 0.5.1 41.00 121.00 162.00 NOTE
r-oldrel-macos-arm64 0.5.1 50.00 OK
r-oldrel-windows-x86_64 0.5.1 40.00 119.00 159.00 OK

Check Details

Version: 0.5.1
Check: C++ specification
Result: NOTE Specified C++11: please drop specification unless essential Flavors: r-devel-linux-x86_64-debian-clang, r-devel-linux-x86_64-debian-gcc, r-devel-linux-x86_64-fedora-clang, r-devel-linux-x86_64-fedora-gcc, r-devel-windows-x86_64, r-patched-linux-x86_64, r-release-linux-x86_64, r-release-macos-arm64, r-release-macos-x86_64, r-release-windows-x86_64