CRAN Package Check Results for Package TAM

Last updated on 2021-01-23 23:47:29 CET.

Flavor Version Tinstall Tcheck Ttotal Status Flags
r-devel-linux-x86_64-debian-clang 3.5-19 211.91 189.37 401.28 OK
r-devel-linux-x86_64-debian-gcc 3.5-19 142.46 139.14 281.60 OK
r-devel-linux-x86_64-fedora-clang 3.5-19 554.69 NOTE
r-devel-linux-x86_64-fedora-gcc 3.5-19 511.23 OK
r-devel-windows-ix86+x86_64 3.5-19 487.00 264.00 751.00 OK
r-patched-linux-x86_64 3.5-19 165.70 173.00 338.70 OK
r-patched-solaris-x86 3.5-19 466.90 OK
r-release-linux-x86_64 3.5-19 166.01 173.39 339.40 OK
r-release-macos-x86_64 3.5-19 NOTE
r-release-windows-ix86+x86_64 3.5-19 467.00 247.00 714.00 OK
r-oldrel-macos-x86_64 3.5-19 NOTE
r-oldrel-windows-ix86+x86_64 3.5-19 385.00 241.00 626.00 OK

Check Details

Version: 3.5-19
Check: installed package size
Result: NOTE
     installed size is 7.7Mb
     sub-directories of 1Mb or more:
     R 1.3Mb
     libs 5.5Mb
Flavors: r-devel-linux-x86_64-fedora-clang, r-release-macos-x86_64, r-oldrel-macos-x86_64

Version: 3.5-19
Check: Rd cross-references
Result: NOTE
    Undeclared package ‘mirt’ in Rd xrefs
Flavor: r-devel-linux-x86_64-fedora-clang