CRAN Package Check Results for Package TAM

Last updated on 2024-02-28 22:59:34 CET.

Flavor Version Tinstall Tcheck Ttotal Status Flags
r-devel-linux-x86_64-debian-clang 4.2-21 234.71 220.68 455.39 OK
r-devel-linux-x86_64-debian-gcc 4.2-21 181.49 165.23 346.72 OK
r-devel-linux-x86_64-fedora-clang 4.2-21 657.93 NOTE
r-devel-linux-x86_64-fedora-gcc 4.2-21 650.99 OK
r-devel-windows-x86_64 4.1-4 188.00 191.00 379.00 NOTE
r-patched-linux-x86_64 4.2-21 221.42 210.74 432.16 OK
r-release-linux-x86_64 4.2-21 225.39 211.31 436.70 OK
r-release-macos-arm64 4.2-21 118.00 NOTE
r-release-macos-x86_64 4.2-21 247.00 NOTE
r-release-windows-x86_64 4.2-21 240.00 237.00 477.00 OK
r-oldrel-macos-arm64 4.2-21 116.00 NOTE
r-oldrel-windows-x86_64 4.2-21 232.00 388.00 620.00 OK

Check Details

Version: 4.2-21
Check: Rd cross-references
Result: NOTE Undeclared package ‘mirt’ in Rd xrefs Flavor: r-devel-linux-x86_64-fedora-clang

Version: 4.1-4
Check: Rd \usage sections
Result: NOTE S3 methods shown with full name in Rd file 'designMatrices.Rd': 'print.designMatrices' The \usage entries for S3 methods should use the \method markup and not their full name. See chapter 'Writing R documentation files' in the 'Writing R Extensions' manual. Flavor: r-devel-windows-x86_64

Version: 4.2-21
Check: installed package size
Result: NOTE installed size is 7.5Mb sub-directories of 1Mb or more: R 2.1Mb libs 4.5Mb Flavors: r-release-macos-arm64, r-release-macos-x86_64, r-oldrel-macos-arm64