CRAN Package Check Results for Package TDA

Last updated on 2018-10-17 07:51:32 CEST.

Flavor Version Tinstall Tcheck Ttotal Status Flags
r-devel-linux-x86_64-debian-clang 1.6.4 108.72 89.60 198.32 OK
r-devel-linux-x86_64-debian-gcc 1.6.4 104.49 71.24 175.73 WARN
r-devel-linux-x86_64-fedora-clang 1.6.4 271.89 NOTE
r-devel-linux-x86_64-fedora-gcc 1.6.4 255.27 WARN
r-devel-windows-ix86+x86_64 1.6.4 202.00 208.00 410.00 OK
r-patched-linux-x86_64 1.6.4 121.52 87.76 209.28 OK
r-patched-solaris-x86 1.6.4 268.00 NOTE
r-release-linux-x86_64 1.6.4 121.14 88.08 209.22 OK
r-release-windows-ix86+x86_64 1.6.4 258.00 199.00 457.00 OK
r-release-osx-x86_64 1.6.4 NOTE
r-oldrel-windows-ix86+x86_64 1.6.4 243.00 201.00 444.00 OK
r-oldrel-osx-x86_64 1.6.4 NOTE

Check Details

Version: 1.6.4
Check: whether package can be installed
Result: WARN
    Found the following significant warnings:
     ./CGAL/Filtered_predicate.h:171:7: warning: catching polymorphic type ‘class CGAL::Uncertain_conversion_exception’ by value [-Wcatch-value=]
     ./CGAL/NewKernel_d/Filtered_predicate2.h:99:7: warning: catching polymorphic type ‘class CGAL::Uncertain_conversion_exception’ by value [-Wcatch-value=]
Flavors: r-devel-linux-x86_64-debian-gcc, r-devel-linux-x86_64-fedora-gcc

Version: 1.6.4
Check: installed package size
Result: NOTE
     installed size is 37.8Mb
     sub-directories of 1Mb or more:
     libs 36.5Mb
Flavors: r-devel-linux-x86_64-fedora-clang, r-release-osx-x86_64, r-oldrel-osx-x86_64

Version: 1.6.4
Check: dependencies in R code
Result: NOTE
    Namespace in Imports field not imported from: ‘scales’
     All declared Imports should be used.
Flavors: r-devel-linux-x86_64-fedora-clang, r-devel-linux-x86_64-fedora-gcc, r-patched-solaris-x86, r-release-osx-x86_64, r-oldrel-osx-x86_64