CRAN Package Check Results for Package TDA

Last updated on 2018-05-27 06:47:19 CEST.

Flavor Version Tinstall Tcheck Ttotal Status Flags
r-devel-linux-x86_64-debian-clang 1.6.2 109.51 86.91 196.42 OK
r-devel-linux-x86_64-debian-gcc 1.6.2 91.43 66.73 158.16 OK
r-devel-linux-x86_64-fedora-clang 1.6.2 277.65 NOTE
r-devel-linux-x86_64-fedora-gcc 1.6.2 247.97 NOTE
r-devel-windows-ix86+x86_64 1.6.2 181.00 187.00 368.00 OK
r-patched-linux-x86_64 1.6.2 103.22 84.36 187.58 OK
r-patched-solaris-x86 1.6.2 261.50 NOTE
r-release-linux-x86_64 1.6.2 108.46 84.99 193.45 OK
r-release-windows-ix86+x86_64 1.6.2 239.00 152.00 391.00 OK
r-release-osx-x86_64 1.6.2 NOTE
r-oldrel-windows-ix86+x86_64 1.6.2 232.00 147.00 379.00 OK
r-oldrel-osx-x86_64 1.6 NOTE

Check Details

Version: 1.6.2
Check: installed package size
Result: NOTE
     installed size is 36.8Mb
     sub-directories of 1Mb or more:
     libs 35.5Mb
Flavors: r-devel-linux-x86_64-fedora-clang, r-devel-linux-x86_64-fedora-gcc, r-release-osx-x86_64

Version: 1.6.2
Check: dependencies in R code
Result: NOTE
    Namespace in Imports field not imported from: ‘scales’
     All declared Imports should be used.
Flavors: r-devel-linux-x86_64-fedora-clang, r-devel-linux-x86_64-fedora-gcc, r-patched-solaris-x86, r-release-osx-x86_64

Version: 1.6
Check: installed package size
Result: NOTE
     installed size is 35.5Mb
     sub-directories of 1Mb or more:
     libs 34.3Mb
Flavor: r-oldrel-osx-x86_64

Version: 1.6
Check: dependencies in R code
Result: NOTE
    Namespace in Imports field not imported from: ‘scales’
     All declared Imports should be used.
Flavor: r-oldrel-osx-x86_64