CRAN Package Check Results for Package TDA

Last updated on 2018-08-16 12:50:32 CEST.

Flavor Version Tinstall Tcheck Ttotal Status Flags
r-devel-linux-x86_64-debian-clang 1.6.4 99.45 90.67 190.12 OK
r-devel-linux-x86_64-debian-gcc 1.6.4 103.63 71.48 175.11 OK
r-devel-linux-x86_64-fedora-clang 1.6.4 258.17 NOTE
r-devel-linux-x86_64-fedora-gcc 1.6.4 173.98 NOTE
r-devel-windows-ix86+x86_64 1.6.4 240.00 198.00 438.00 OK
r-patched-linux-x86_64 1.6.4 117.78 88.29 206.07 OK
r-patched-solaris-x86 1.6.4 271.00 NOTE
r-release-linux-x86_64 1.6.4 112.01 88.24 200.25 OK
r-release-windows-ix86+x86_64 1.6.4 254.00 202.00 456.00 OK
r-release-osx-x86_64 1.6.4 NOTE
r-oldrel-windows-ix86+x86_64 1.6.4 252.00 170.00 422.00 OK
r-oldrel-osx-x86_64 1.6.4 NOTE

Check Details

Version: 1.6.4
Check: installed package size
Result: NOTE
     installed size is 36.8Mb
     sub-directories of 1Mb or more:
     libs 35.4Mb
Flavors: r-devel-linux-x86_64-fedora-clang, r-release-osx-x86_64, r-oldrel-osx-x86_64

Version: 1.6.4
Check: dependencies in R code
Result: NOTE
    Namespace in Imports field not imported from: ‘scales’
     All declared Imports should be used.
Flavors: r-devel-linux-x86_64-fedora-clang, r-devel-linux-x86_64-fedora-gcc, r-patched-solaris-x86, r-release-osx-x86_64, r-oldrel-osx-x86_64