CRAN Package Check Results for Package TDA

Last updated on 2018-02-19 01:46:51 CET.

Flavor Version Tinstall Tcheck Ttotal Status Flags
r-devel-linux-x86_64-debian-clang 1.6 104.67 78.89 183.56 OK
r-devel-linux-x86_64-debian-gcc 1.6 86.87 64.97 151.84 OK
r-devel-linux-x86_64-fedora-clang 1.6 269.22 NOTE
r-devel-linux-x86_64-fedora-gcc 1.6 242.14 NOTE
r-devel-windows-ix86+x86_64 1.6 178.00 146.00 324.00 OK
r-patched-linux-x86_64 1.6 94.93 89.75 184.68 OK
r-patched-solaris-x86 1.6 258.60 NOTE
r-release-linux-x86_64 1.6 92.15 90.84 182.99 OK
r-release-windows-ix86+x86_64 1.6 238.00 158.00 396.00 OK
r-release-osx-x86_64 1.6 NOTE
r-oldrel-windows-ix86+x86_64 1.6 167.00 141.00 308.00 OK
r-oldrel-osx-x86_64 1.6 NOTE

Additional issues

clang-UBSAN valgrind

Check Details

Version: 1.6
Check: installed package size
Result: NOTE
     installed size is 36.7Mb
     sub-directories of 1Mb or more:
     libs 35.4Mb
Flavors: r-devel-linux-x86_64-fedora-clang, r-devel-linux-x86_64-fedora-gcc, r-release-osx-x86_64, r-oldrel-osx-x86_64

Version: 1.6
Check: dependencies in R code
Result: NOTE
    Namespace in Imports field not imported from: ‘scales’
     All declared Imports should be used.
Flavors: r-devel-linux-x86_64-fedora-clang, r-devel-linux-x86_64-fedora-gcc, r-patched-solaris-x86, r-release-osx-x86_64, r-oldrel-osx-x86_64