CRAN Package Check Results for Package TDAmapper

Last updated on 2018-02-23 22:48:20 CET.

Flavor Version Tinstall Tcheck Ttotal Status Flags
r-devel-linux-x86_64-debian-clang 1.0 0.96 16.21 17.17 NOTE
r-devel-linux-x86_64-debian-gcc 1.0 0.82 13.08 13.90 NOTE
r-devel-linux-x86_64-fedora-clang 1.0 20.49 NOTE
r-devel-linux-x86_64-fedora-gcc 1.0 19.68 NOTE
r-devel-windows-ix86+x86_64 1.0 3.00 33.00 36.00 NOTE
r-patched-linux-x86_64 1.0 0.72 15.13 15.85 NOTE
r-patched-solaris-x86 1.0 26.60 NOTE
r-release-linux-x86_64 1.0 0.78 15.19 15.97 NOTE
r-release-windows-ix86+x86_64 1.0 2.00 34.00 36.00 NOTE
r-release-osx-x86_64 1.0 NOTE
r-oldrel-windows-ix86+x86_64 1.0 2.00 26.00 28.00 NOTE
r-oldrel-osx-x86_64 1.0 NOTE

Check Details

Version: 1.0
Check: R code for possible problems
Result: NOTE
    cluster_cutoff_at_first_empty_bin: no visible global function
     definition for ‘hist’
    mapper1D: no visible global function definition for ‘dist’
    mapper1D: no visible global function definition for ‘as.dist’
    mapper1D: no visible global function definition for ‘hclust’
    mapper1D: no visible global function definition for ‘cutree’
    mapper2D: no visible global function definition for ‘dist’
    mapper2D: no visible global function definition for ‘as.dist’
    mapper2D: no visible global function definition for ‘hclust’
    mapper2D: no visible global function definition for ‘cutree’
    Undefined global functions or variables:
     as.dist cutree dist hclust hist
    Consider adding
     importFrom("graphics", "hist")
     importFrom("stats", "as.dist", "cutree", "dist", "hclust")
    to your NAMESPACE file.
Flavors: r-devel-linux-x86_64-debian-clang, r-devel-linux-x86_64-debian-gcc, r-devel-linux-x86_64-fedora-clang, r-devel-linux-x86_64-fedora-gcc, r-devel-windows-ix86+x86_64, r-patched-linux-x86_64, r-patched-solaris-x86, r-release-linux-x86_64, r-release-windows-ix86+x86_64, r-release-osx-x86_64, r-oldrel-windows-ix86+x86_64, r-oldrel-osx-x86_64