CRAN Package Check Results for Package TDAmapper

Last updated on 2019-01-22 06:47:15 CET.

Flavor Version Tinstall Tcheck Ttotal Status Flags
r-devel-linux-x86_64-debian-clang 1.0 1.20 17.61 18.81 NOTE
r-devel-linux-x86_64-debian-gcc 1.0 0.76 14.41 15.17 NOTE
r-devel-linux-x86_64-fedora-clang 1.0 22.31 NOTE
r-devel-linux-x86_64-fedora-gcc 1.0 20.65 NOTE
r-devel-windows-ix86+x86_64 1.0 4.00 38.00 42.00 NOTE
r-patched-linux-x86_64 1.0 0.87 16.53 17.40 NOTE
r-patched-solaris-x86 1.0 34.10 NOTE
r-release-linux-x86_64 1.0 1.02 16.70 17.72 NOTE
r-release-windows-ix86+x86_64 1.0 2.00 40.00 42.00 NOTE
r-release-osx-x86_64 1.0 NOTE
r-oldrel-windows-ix86+x86_64 1.0 3.00 24.00 27.00 NOTE
r-oldrel-osx-x86_64 1.0 NOTE

Check Details

Version: 1.0
Check: R code for possible problems
Result: NOTE
    cluster_cutoff_at_first_empty_bin: no visible global function
     definition for ‘hist’
    mapper1D: no visible global function definition for ‘dist’
    mapper1D: no visible global function definition for ‘as.dist’
    mapper1D: no visible global function definition for ‘hclust’
    mapper1D: no visible global function definition for ‘cutree’
    mapper2D: no visible global function definition for ‘dist’
    mapper2D: no visible global function definition for ‘as.dist’
    mapper2D: no visible global function definition for ‘hclust’
    mapper2D: no visible global function definition for ‘cutree’
    Undefined global functions or variables:
     as.dist cutree dist hclust hist
    Consider adding
     importFrom("graphics", "hist")
     importFrom("stats", "as.dist", "cutree", "dist", "hclust")
    to your NAMESPACE file.
Flavors: r-devel-linux-x86_64-debian-clang, r-devel-linux-x86_64-debian-gcc, r-devel-linux-x86_64-fedora-clang, r-devel-linux-x86_64-fedora-gcc, r-devel-windows-ix86+x86_64, r-patched-linux-x86_64, r-patched-solaris-x86, r-release-linux-x86_64, r-release-windows-ix86+x86_64, r-release-osx-x86_64, r-oldrel-windows-ix86+x86_64, r-oldrel-osx-x86_64