CRAN Package Check Results for Package TDAmapper

Last updated on 2018-08-17 00:50:06 CEST.

Flavor Version Tinstall Tcheck Ttotal Status Flags
r-devel-linux-x86_64-debian-clang 1.0 0.98 18.12 19.10 NOTE
r-devel-linux-x86_64-debian-gcc 1.0 0.92 14.43 15.35 NOTE
r-devel-linux-x86_64-fedora-clang 1.0 22.49 NOTE
r-devel-linux-x86_64-fedora-gcc 1.0 20.79 NOTE
r-devel-windows-ix86+x86_64 1.0 3.00 39.00 42.00 NOTE
r-patched-linux-x86_64 1.0 1.00 16.39 17.39 NOTE
r-patched-solaris-x86 1.0 33.50 NOTE
r-release-linux-x86_64 1.0 1.06 16.30 17.36 NOTE
r-release-windows-ix86+x86_64 1.0 3.00 38.00 41.00 NOTE
r-release-osx-x86_64 1.0 NOTE
r-oldrel-windows-ix86+x86_64 1.0 3.00 30.00 33.00 NOTE
r-oldrel-osx-x86_64 1.0 NOTE

Check Details

Version: 1.0
Check: R code for possible problems
Result: NOTE
    cluster_cutoff_at_first_empty_bin: no visible global function
     definition for ‘hist’
    mapper1D: no visible global function definition for ‘dist’
    mapper1D: no visible global function definition for ‘as.dist’
    mapper1D: no visible global function definition for ‘hclust’
    mapper1D: no visible global function definition for ‘cutree’
    mapper2D: no visible global function definition for ‘dist’
    mapper2D: no visible global function definition for ‘as.dist’
    mapper2D: no visible global function definition for ‘hclust’
    mapper2D: no visible global function definition for ‘cutree’
    Undefined global functions or variables:
     as.dist cutree dist hclust hist
    Consider adding
     importFrom("graphics", "hist")
     importFrom("stats", "as.dist", "cutree", "dist", "hclust")
    to your NAMESPACE file.
Flavors: r-devel-linux-x86_64-debian-clang, r-devel-linux-x86_64-debian-gcc, r-devel-linux-x86_64-fedora-clang, r-devel-linux-x86_64-fedora-gcc, r-devel-windows-ix86+x86_64, r-patched-linux-x86_64, r-patched-solaris-x86, r-release-linux-x86_64, r-release-windows-ix86+x86_64, r-release-osx-x86_64, r-oldrel-windows-ix86+x86_64, r-oldrel-osx-x86_64