Last updated on 2021-01-22 03:50:52 CET.
Flavor | Version | Tinstall | Tcheck | Ttotal | Status | Flags |
---|---|---|---|---|---|---|
r-devel-linux-x86_64-debian-clang | 2.1.0 | 28.21 | 135.69 | 163.90 | NOTE | |
r-devel-linux-x86_64-debian-gcc | 2.1.0 | 18.31 | 102.98 | 121.29 | NOTE | |
r-devel-linux-x86_64-fedora-clang | 2.1.0 | 216.18 | NOTE | |||
r-devel-linux-x86_64-fedora-gcc | 2.1.0 | 192.75 | NOTE | |||
r-devel-windows-ix86+x86_64 | 2.1.0 | 56.00 | 220.00 | 276.00 | OK | |
r-patched-linux-x86_64 | 2.1.0 | 19.83 | 131.40 | 151.23 | NOTE | |
r-patched-solaris-x86 | 2.1.0 | 248.90 | NOTE | |||
r-release-linux-x86_64 | 2.1.0 | 18.93 | 133.01 | 151.94 | NOTE | |
r-release-macos-x86_64 | 2.1.0 | OK | ||||
r-release-windows-ix86+x86_64 | 2.1.0 | 41.00 | 227.00 | 268.00 | OK | |
r-oldrel-macos-x86_64 | 2.1.0 | OK | ||||
r-oldrel-windows-ix86+x86_64 | 2.1.0 | 39.00 | 151.00 | 190.00 | OK |
Version: 2.1.0
Check: for non-standard things in the check directory
Result: NOTE
Found the following files/directories:
'ExtinctionRateChanges.txt' 'ExtinctionRates.txt'
'MassExtinctionTimes.txt' 'SpeciationRateChanges.txt'
'SpeciationRates.txt' 'SurvivalProbabilities.txt' 'analysis_conifer'
'input_tree.tre' 'run_1' 'run_2' 'samples_numCategories.txt'
Flavors: r-devel-linux-x86_64-debian-clang, r-devel-linux-x86_64-debian-gcc, r-devel-linux-x86_64-fedora-clang, r-devel-linux-x86_64-fedora-gcc, r-patched-linux-x86_64, r-patched-solaris-x86, r-release-linux-x86_64
Version: 2.1.0
Check: compiled code
Result: NOTE
File ‘TESS/libs/TESS.so’:
Found no calls to: ‘R_registerRoutines’, ‘R_useDynamicSymbols’
It is good practice to register native routines and to disable symbol
search.
See ‘Writing portable packages’ in the ‘Writing R Extensions’ manual.
Flavors: r-devel-linux-x86_64-fedora-clang, r-devel-linux-x86_64-fedora-gcc