Last updated on 2019-02-21 14:48:17 CET.
Flavor | Version | Tinstall | Tcheck | Ttotal | Status | Flags |
---|---|---|---|---|---|---|
r-devel-linux-x86_64-debian-clang | 0.1.0 | 1.76 | 25.05 | 26.81 | NOTE | |
r-devel-linux-x86_64-debian-gcc | 0.1.0 | 1.57 | 20.18 | 21.75 | NOTE | |
r-devel-linux-x86_64-fedora-clang | 0.1.0 | 33.16 | NOTE | |||
r-devel-linux-x86_64-fedora-gcc | 0.1.0 | 31.38 | NOTE | |||
r-devel-windows-ix86+x86_64 | 0.1.0 | 5.00 | 34.00 | 39.00 | NOTE | |
r-patched-linux-x86_64 | 0.1.0 | 1.30 | 23.37 | 24.67 | NOTE | |
r-patched-solaris-x86 | 0.1.0 | 47.50 | NOTE | |||
r-release-linux-x86_64 | 0.1.0 | NOTE | ||||
r-release-windows-ix86+x86_64 | 0.1.0 | 5.00 | 46.00 | 51.00 | NOTE | |
r-release-osx-x86_64 | 0.1.0 | NOTE | ||||
r-oldrel-windows-ix86+x86_64 | 0.1.0 | 6.00 | 50.00 | 56.00 | NOTE | |
r-oldrel-osx-x86_64 | 0.1.0 | NOTE |
Version: 0.1.0
Check: R code for possible problems
Result: NOTE
ParseTrueFX: no visible global function definition for ‘read.csv’
TrueFXRef: no visible global function definition for ‘download.file’
TrueFXRef: no visible global function definition for ‘browseURL’
Undefined global functions or variables:
browseURL download.file read.csv
Consider adding
importFrom("utils", "browseURL", "download.file", "read.csv")
to your NAMESPACE file.
Flavors: r-devel-linux-x86_64-debian-clang, r-devel-linux-x86_64-debian-gcc, r-devel-linux-x86_64-fedora-clang, r-devel-linux-x86_64-fedora-gcc, r-devel-windows-ix86+x86_64, r-patched-linux-x86_64, r-patched-solaris-x86, r-release-linux-x86_64, r-release-windows-ix86+x86_64, r-release-osx-x86_64, r-oldrel-windows-ix86+x86_64, r-oldrel-osx-x86_64