CRAN Package Check Results for Package TFX

Last updated on 2019-08-24 11:47:01 CEST.

Flavor Version Tinstall Tcheck Ttotal Status Flags
r-devel-linux-x86_64-debian-clang 0.1.0 2.30 24.36 26.66 NOTE
r-devel-linux-x86_64-debian-gcc 0.1.0 2.30 20.39 22.69 NOTE
r-devel-linux-x86_64-fedora-clang 0.1.0 34.42 NOTE
r-devel-linux-x86_64-fedora-gcc 0.1.0 32.17 NOTE
r-devel-windows-ix86+x86_64 0.1.0 9.00 48.00 57.00 NOTE
r-patched-linux-x86_64 0.1.0 2.39 24.16 26.55 NOTE
r-patched-solaris-x86 0.1.0 53.90 NOTE
r-release-linux-x86_64 0.1.0 2.17 24.38 26.55 NOTE
r-release-windows-ix86+x86_64 0.1.0 7.00 49.00 56.00 NOTE
r-release-osx-x86_64 0.1.0 NOTE
r-oldrel-windows-ix86+x86_64 0.1.0 4.00 49.00 53.00 NOTE
r-oldrel-osx-x86_64 0.1.0 NOTE

Check Details

Version: 0.1.0
Check: R code for possible problems
Result: NOTE
    ParseTrueFX: no visible global function definition for 'read.csv'
    TrueFXRef: no visible global function definition for 'download.file'
    TrueFXRef: no visible global function definition for 'browseURL'
    Undefined global functions or variables:
     browseURL download.file read.csv
    Consider adding
     importFrom("utils", "browseURL", "download.file", "read.csv")
    to your NAMESPACE file.
Flavors: r-devel-linux-x86_64-debian-clang, r-devel-linux-x86_64-debian-gcc, r-devel-linux-x86_64-fedora-clang, r-devel-linux-x86_64-fedora-gcc, r-devel-windows-ix86+x86_64, r-patched-linux-x86_64, r-patched-solaris-x86, r-release-linux-x86_64, r-release-windows-ix86+x86_64, r-release-osx-x86_64, r-oldrel-windows-ix86+x86_64, r-oldrel-osx-x86_64