CRAN Package Check Results for Package TFX

Last updated on 2019-04-20 12:51:19 CEST.

Flavor Version Tinstall Tcheck Ttotal Status Flags
r-devel-linux-x86_64-debian-clang 0.1.0 2.20 24.33 26.53 NOTE
r-devel-linux-x86_64-debian-gcc 0.1.0 2.58 23.17 25.75 NOTE
r-devel-linux-x86_64-fedora-clang 0.1.0 32.14 NOTE
r-devel-linux-x86_64-fedora-gcc 0.1.0 30.91 NOTE
r-devel-windows-ix86+x86_64 0.1.0 6.00 35.00 41.00 NOTE
r-patched-linux-x86_64 0.1.0 2.36 24.15 26.51 NOTE
r-patched-solaris-x86 0.1.0 51.60 NOTE
r-release-linux-x86_64 0.1.0 1.28 23.13 24.41 NOTE
r-release-windows-ix86+x86_64 0.1.0 3.00 31.00 34.00 NOTE
r-release-osx-x86_64 0.1.0 NOTE
r-oldrel-windows-ix86+x86_64 0.1.0 4.00 44.00 48.00 NOTE
r-oldrel-osx-x86_64 0.1.0 NOTE

Check Details

Version: 0.1.0
Check: R code for possible problems
Result: NOTE
    ParseTrueFX: no visible global function definition for 'read.csv'
    TrueFXRef: no visible global function definition for 'download.file'
    TrueFXRef: no visible global function definition for 'browseURL'
    Undefined global functions or variables:
     browseURL download.file read.csv
    Consider adding
     importFrom("utils", "browseURL", "download.file", "read.csv")
    to your NAMESPACE file.
Flavors: r-devel-linux-x86_64-debian-clang, r-devel-linux-x86_64-debian-gcc, r-devel-linux-x86_64-fedora-clang, r-devel-linux-x86_64-fedora-gcc, r-devel-windows-ix86+x86_64, r-patched-linux-x86_64, r-patched-solaris-x86, r-release-linux-x86_64, r-release-windows-ix86+x86_64, r-release-osx-x86_64, r-oldrel-windows-ix86+x86_64, r-oldrel-osx-x86_64