CRAN Package Check Results for Package TFisher

Last updated on 2024-06-13 15:48:41 CEST.

Flavor Version Tinstall Tcheck Ttotal Status Flags
r-devel-linux-x86_64-debian-clang 0.2.0 9.06 79.74 88.80 NOTE
r-devel-linux-x86_64-debian-gcc 0.2.0 6.90 59.63 66.53 NOTE
r-devel-linux-x86_64-fedora-clang 0.2.0 107.66 NOTE
r-devel-linux-x86_64-fedora-gcc 0.2.0 105.92 NOTE
r-devel-windows-x86_64 0.2.0 8.00 90.00 98.00 NOTE
r-patched-linux-x86_64 0.2.0 9.25 76.87 86.12 NOTE
r-release-linux-x86_64 0.2.0 7.52 78.95 86.47 NOTE
r-release-macos-arm64 0.2.0 32.00 NOTE
r-release-macos-x86_64 0.2.0 64.00 NOTE
r-release-windows-x86_64 0.2.0 8.00 80.00 88.00 NOTE
r-oldrel-macos-arm64 0.2.0 38.00 NOTE
r-oldrel-macos-x86_64 0.2.0 53.00 NOTE
r-oldrel-windows-x86_64 0.2.0 10.00 95.00 105.00 NOTE

Check Details

Version: 0.2.0
Check: LazyData
Result: NOTE 'LazyData' is specified without a 'data' directory Flavors: r-devel-linux-x86_64-debian-clang, r-devel-linux-x86_64-debian-gcc, r-devel-linux-x86_64-fedora-clang, r-devel-linux-x86_64-fedora-gcc, r-devel-windows-x86_64, r-patched-linux-x86_64, r-release-linux-x86_64, r-release-macos-arm64, r-release-macos-x86_64, r-release-windows-x86_64, r-oldrel-macos-arm64, r-oldrel-macos-x86_64, r-oldrel-windows-x86_64