CRAN Package Check Results for Package TITAN2

Last updated on 2022-08-09 22:57:53 CEST.

Flavor Version Tinstall Tcheck Ttotal Status Flags
r-devel-linux-x86_64-debian-clang 2.4.1 10.26 127.18 137.44 OK
r-devel-linux-x86_64-debian-gcc 2.4.1 7.09 93.45 100.54 OK
r-devel-linux-x86_64-fedora-clang 2.4.1 168.02 NOTE
r-devel-linux-x86_64-fedora-gcc 2.4.1 165.79 NOTE
r-devel-windows-x86_64 2.4.1 18.00 171.00 189.00 OK
r-patched-linux-x86_64 2.4.1 12.21 117.26 129.47 OK
r-release-linux-x86_64 2.4.1 OK
r-release-macos-arm64 2.4.1 52.00 NOTE
r-release-macos-x86_64 2.4.1 105.00 NOTE
r-release-windows-x86_64 2.4.1 20.00 477.00 497.00 OK
r-oldrel-macos-arm64 2.4.1 48.00 NOTE
r-oldrel-macos-x86_64 2.4.1 102.00 NOTE
r-oldrel-windows-ix86+x86_64 2.4.1 22.00 140.00 162.00 OK

Check Details

Version: 2.4.1
Check: dependencies in R code
Result: NOTE
    Namespace in Imports field not imported from: ‘snow’
     All declared Imports should be used.
Flavors: r-devel-linux-x86_64-fedora-clang, r-devel-linux-x86_64-fedora-gcc, r-release-macos-arm64, r-release-macos-x86_64, r-oldrel-macos-arm64, r-oldrel-macos-x86_64